{"id":7933,"date":"2022-02-10T21:21:07","date_gmt":"2022-02-10T21:21:07","guid":{"rendered":"https:\/\/www.etoilederose.fr\/?page_id=7933"},"modified":"2022-02-12T09:47:35","modified_gmt":"2022-02-12T09:47:35","slug":"mariage-gris-parme-et-orchidees","status":"publish","type":"page","link":"https:\/\/www.etoilederose.fr\/index.php\/quelques-realisations\/mariage-gris-parme-et-orchidees","title":{"rendered":"Mariage gris parme et orchid\u00e9es"},"content":{"rendered":"\n<div class=\"wp-block-image is-style-default\"><figure class=\"aligncenter size-large is-resized\"><a href=\"https:\/\/www.etoilederose.fr\/wp-content\/uploads\/2022\/02\/F.3.jpg\" rel=\"lightbox[7933]\"><img loading=\"lazy\" decoding=\"async\" src=\"https:\/\/www.etoilederose.fr\/wp-content\/uploads\/2022\/02\/F.3-1024x682.jpg\" alt=\"Mariage gris parme et orchid\u00e9es\" class=\"wp-image-7934\" width=\"544\" height=\"361\" srcset=\"https:\/\/www.etoilederose.fr\/wp-content\/uploads\/2022\/02\/F.3-1024x682.jpg 1024w, https:\/\/www.etoilederose.fr\/wp-content\/uploads\/2022\/02\/F.3-300x200.jpg 300w\" sizes=\"auto, (max-width: 544px) 100vw, 544px\" \/><\/a><figcaption>Mariage gris parme et orchid\u00e9es<\/figcaption><\/figure><\/div>\n\n\n\n<p>Voici un mariage gris parme et orchid\u00e9es au <a href=\"https:\/\/lebrundeneuville.fr\/fr\" target=\"_blank\" rel=\"noreferrer noopener\">Brun de Neuville.<\/a><\/p>\n\n\n\n<h2 class=\"wp-block-heading\" id=\"le-vin-d-honneur\">Le vin d&rsquo;honneur<\/h2>\n\n\n\n<p>Dans un premier temps, le vin d&rsquo;honneur est am\u00e9lior\u00e9 d&rsquo;une d\u00e9coration en accord avec le th\u00e8me.<\/p>\n\n\n\n<div class=\"wp-block-image is-style-default\"><figure class=\"aligncenter size-large is-resized\"><a href=\"https:\/\/www.etoilederose.fr\/wp-content\/uploads\/2022\/02\/F.13.jpg\" rel=\"lightbox[7933]\"><img loading=\"lazy\" decoding=\"async\" src=\"https:\/\/www.etoilederose.fr\/wp-content\/uploads\/2022\/02\/F.13-683x1024.jpg\" alt=\"D\u00e9coration de vin d'honneur gris parme\" class=\"wp-image-7937\" width=\"545\" height=\"818\" srcset=\"https:\/\/www.etoilederose.fr\/wp-content\/uploads\/2022\/02\/F.13-683x1024.jpg 683w, https:\/\/www.etoilederose.fr\/wp-content\/uploads\/2022\/02\/F.13-200x300.jpg 200w, https:\/\/www.etoilederose.fr\/wp-content\/uploads\/2022\/02\/F.13-768x1152.jpg 768w, https:\/\/www.etoilederose.fr\/wp-content\/uploads\/2022\/02\/F.13-1024x1536.jpg 1024w, https:\/\/www.etoilederose.fr\/wp-content\/uploads\/2022\/02\/F.13-1365x2048.jpg 1365w, https:\/\/www.etoilederose.fr\/wp-content\/uploads\/2022\/02\/F.13.jpg 1700w\" sizes=\"auto, (max-width: 545px) 100vw, 545px\" \/><\/a><figcaption>D\u00e9coration de vin d&rsquo;honneur gris parme<\/figcaption><\/figure><\/div>\n\n\n\n<p>Le candy bar est pr\u00e9sent \u00e9galement dans la partie vin d&rsquo;honneur. Retrouvez les d\u00e9tails en cliquant sur les photos ci-dessous<\/p>\n\n\n\n<div class=\"wp-block-image is-style-default\"><figure class=\"aligncenter size-large is-resized\"><a href=\"https:\/\/www.etoilederose.fr\/wp-content\/uploads\/2022\/02\/F.6.jpg\" rel=\"lightbox[7933]\"><img loading=\"lazy\" decoding=\"async\" src=\"https:\/\/www.etoilederose.fr\/wp-content\/uploads\/2022\/02\/F.6-683x1024.jpg\" alt=\"Bar \u00e0 champagne gris et parme\" class=\"wp-image-7958\" width=\"545\" height=\"818\" srcset=\"https:\/\/www.etoilederose.fr\/wp-content\/uploads\/2022\/02\/F.6-683x1024.jpg 683w, https:\/\/www.etoilederose.fr\/wp-content\/uploads\/2022\/02\/F.6-200x300.jpg 200w, https:\/\/www.etoilederose.fr\/wp-content\/uploads\/2022\/02\/F.6-768x1152.jpg 768w, https:\/\/www.etoilederose.fr\/wp-content\/uploads\/2022\/02\/F.6-1024x1536.jpg 1024w, https:\/\/www.etoilederose.fr\/wp-content\/uploads\/2022\/02\/F.6-1365x2048.jpg 1365w, https:\/\/www.etoilederose.fr\/wp-content\/uploads\/2022\/02\/F.6.jpg 1700w\" sizes=\"auto, (max-width: 545px) 100vw, 545px\" \/><\/a><figcaption>Bar \u00e0 champagne gris et parme<\/figcaption><\/figure><\/div>\n\n\n\nngg_shortcode_0_placeholder\n\n\n\n<p><a href=\"https:\/\/www.etoilederose.fr\/wp-content\/uploads\/2022\/02\/Chevalet-en-bois.jpg\" target=\"_blank\" rel=\"noreferrer noopener\" rel=\"lightbox[7933]\">Le chevalet<\/a> pr\u00e9sente <a href=\"https:\/\/www.etoilederose.fr\/wp-content\/uploads\/2011\/11\/plan-de-table-site.jpg\" target=\"_blank\" rel=\"noreferrer noopener\" rel=\"lightbox[7933]\">le plan de tables<\/a> imprim\u00e9 sur toile. de surcroit, il est toujours unique et en accord avec votre th\u00e8me et vos couleurs. En effet, vos invit\u00e9s peuvent ainsi rep\u00e9rer leur place sur ce plan de tables plac\u00e9 en g\u00e9n\u00e9ral juste devant la salle. (Ici, plac\u00e9 dans la partie vin d&rsquo;honneur). Pour finir, les mari\u00e9s le gardent en souvenir. <a href=\"https:\/\/www.etoilederose.fr\/wp-content\/uploads\/2022\/02\/Rideaux.jpg\" target=\"_blank\" rel=\"noreferrer noopener\" rel=\"lightbox[7933]\">Un rideau<\/a> ind\u00e9pendant s\u00e9pare la partie vin d&rsquo;honneur de la partie salle de repas.<\/p>\n\n\n\n<div class=\"wp-block-image is-style-default\"><figure class=\"aligncenter size-large is-resized\"><a href=\"https:\/\/www.etoilederose.fr\/wp-content\/uploads\/2022\/02\/F.5.jpg\" rel=\"lightbox[7933]\"><img loading=\"lazy\" decoding=\"async\" src=\"https:\/\/www.etoilederose.fr\/wp-content\/uploads\/2022\/02\/F.5-683x1024.jpg\" alt=\"Plan de tables sur toile\" class=\"wp-image-7949\" width=\"546\" height=\"819\" srcset=\"https:\/\/www.etoilederose.fr\/wp-content\/uploads\/2022\/02\/F.5-683x1024.jpg 683w, https:\/\/www.etoilederose.fr\/wp-content\/uploads\/2022\/02\/F.5-200x300.jpg 200w, https:\/\/www.etoilederose.fr\/wp-content\/uploads\/2022\/02\/F.5-768x1152.jpg 768w, https:\/\/www.etoilederose.fr\/wp-content\/uploads\/2022\/02\/F.5-1024x1536.jpg 1024w, https:\/\/www.etoilederose.fr\/wp-content\/uploads\/2022\/02\/F.5-1365x2048.jpg 1365w, https:\/\/www.etoilederose.fr\/wp-content\/uploads\/2022\/02\/F.5.jpg 1500w\" sizes=\"auto, (max-width: 546px) 100vw, 546px\" \/><\/a><figcaption>Plan de tables sur toile<\/figcaption><\/figure><\/div>\n\n\n\n<h2 class=\"wp-block-heading\" id=\"la-salle-de-reception\">La salle de r\u00e9ception<\/h2>\n\n\n\n<p>Dans la salle, du lierre courent sur les colonnes. D&rsquo;ailleurs, cela apporte un c\u00f4t\u00e9 romantique et adoucit la structure de la salle qui est imposante. On d\u00e9couvre les tables rondes avec un chandelier en leur centre. La mari\u00e9e a fournit ces chandeliers centres de tables. En effet, chandeliers fleurit de fleurs d&rsquo;ail, de lierre naturels , les d&rsquo;orchid\u00e9es courent sur la tables. Par ailleurs, les menus sont sur des mini chevalet en bois. <\/p>\n\n\n\n<div class=\"wp-block-image is-style-default\"><figure class=\"aligncenter size-large is-resized\"><a href=\"https:\/\/www.etoilederose.fr\/wp-content\/uploads\/2022\/02\/F.2.jpg\" rel=\"lightbox[7933]\"><img loading=\"lazy\" decoding=\"async\" src=\"https:\/\/www.etoilederose.fr\/wp-content\/uploads\/2022\/02\/F.2-683x1024.jpg\" alt=\"Petit chandelier fleurit et orchid\u00e9es\" class=\"wp-image-7953\" width=\"545\" height=\"818\" srcset=\"https:\/\/www.etoilederose.fr\/wp-content\/uploads\/2022\/02\/F.2-683x1024.jpg 683w, https:\/\/www.etoilederose.fr\/wp-content\/uploads\/2022\/02\/F.2-200x300.jpg 200w, https:\/\/www.etoilederose.fr\/wp-content\/uploads\/2022\/02\/F.2-768x1152.jpg 768w, https:\/\/www.etoilederose.fr\/wp-content\/uploads\/2022\/02\/F.2-1024x1536.jpg 1024w, https:\/\/www.etoilederose.fr\/wp-content\/uploads\/2022\/02\/F.2-1365x2048.jpg 1365w, https:\/\/www.etoilederose.fr\/wp-content\/uploads\/2022\/02\/F.2.jpg 1500w\" sizes=\"auto, (max-width: 545px) 100vw, 545px\" \/><\/a><figcaption>Petit chandelier fleurit et orchid\u00e9es<\/figcaption><\/figure><\/div>\n\n\n\n<p>De plus, une table de 2 personnes install\u00e9e sp\u00e9cialement pour les mari\u00e9s \u00e0 leur demande. Ils profiteront de leur repas en amoureux et pourront aller visiter leurs invit\u00e9s \u00e0 leurs tables respectives pendant le repas. Quelques rubans satin se croisent en d\u00e9cal\u00e9 sur chaque table.<\/p>\n\n\n\n<div class=\"wp-block-image is-style-default\"><figure class=\"aligncenter size-large is-resized\"><a href=\"https:\/\/www.etoilederose.fr\/wp-content\/uploads\/2022\/02\/F.11.jpg\" rel=\"lightbox[7933]\"><img loading=\"lazy\" decoding=\"async\" src=\"https:\/\/www.etoilederose.fr\/wp-content\/uploads\/2022\/02\/F.11-683x1024.jpg\" alt=\"Table d'honneur de 2 personnes\" class=\"wp-image-7954\" width=\"539\" height=\"808\" srcset=\"https:\/\/www.etoilederose.fr\/wp-content\/uploads\/2022\/02\/F.11-683x1024.jpg 683w, https:\/\/www.etoilederose.fr\/wp-content\/uploads\/2022\/02\/F.11-200x300.jpg 200w, https:\/\/www.etoilederose.fr\/wp-content\/uploads\/2022\/02\/F.11-768x1152.jpg 768w, https:\/\/www.etoilederose.fr\/wp-content\/uploads\/2022\/02\/F.11-1024x1536.jpg 1024w, https:\/\/www.etoilederose.fr\/wp-content\/uploads\/2022\/02\/F.11-1365x2048.jpg 1365w, https:\/\/www.etoilederose.fr\/wp-content\/uploads\/2022\/02\/F.11.jpg 1500w\" sizes=\"auto, (max-width: 539px) 100vw, 539px\" \/><\/a><figcaption>Table d&rsquo;honneur de 2 personnes<\/figcaption><\/figure><\/div>\n\n\n\n<p>L&rsquo;urne \u00e0 enveloppes, mod\u00e8le unique comme toujours, est pr\u00e9sent\u00e9 sur une table avec les boites \u00e0 drag\u00e9es. Les invit\u00e9s, se servent en ins\u00e9rant leur enveloppes et en \u00e9crivant un petit mot sur le livre d&rsquo;or. L&rsquo;urne est en forme de double valise. Les enveloppes paieront leur voyage de noces. Demandez un devis si vous \u00eates int\u00e9ress\u00e9s pour obtenir une urne unique cr\u00e9\u00e9e par mes soins. <\/p>\n\n\n\n<div class=\"wp-block-image is-style-default\"><figure class=\"aligncenter size-large is-resized\"><a href=\"https:\/\/www.etoilederose.fr\/wp-content\/uploads\/2022\/02\/1valise-parme.jpg\" rel=\"lightbox[7933]\"><img loading=\"lazy\" decoding=\"async\" src=\"https:\/\/www.etoilederose.fr\/wp-content\/uploads\/2022\/02\/1valise-parme-1024x938.jpg\" alt=\"Urne \u00e0 enveloppes valise th\u00e8me voyage \" class=\"wp-image-7955\" width=\"539\" height=\"493\" srcset=\"https:\/\/www.etoilederose.fr\/wp-content\/uploads\/2022\/02\/1valise-parme-1024x938.jpg 1024w, https:\/\/www.etoilederose.fr\/wp-content\/uploads\/2022\/02\/1valise-parme-300x275.jpg 300w, https:\/\/www.etoilederose.fr\/wp-content\/uploads\/2022\/02\/1valise-parme-768x703.jpg 768w, https:\/\/www.etoilederose.fr\/wp-content\/uploads\/2022\/02\/1valise-parme-1536x1407.jpg 1536w, https:\/\/www.etoilederose.fr\/wp-content\/uploads\/2022\/02\/1valise-parme.jpg 1700w\" sizes=\"auto, (max-width: 539px) 100vw, 539px\" \/><\/a><figcaption>Urne \u00e0 enveloppes valise th\u00e8me voyage <\/figcaption><\/figure><\/div>\n","protected":false},"excerpt":{"rendered":"<p>Voici un mariage gris parme et orchid\u00e9es au Brun de Neuville. Le vin d&rsquo;honneur Dans un premier temps, le vin d&rsquo;honneur est am\u00e9lior\u00e9 d&rsquo;une d\u00e9coration en accord avec le th\u00e8me. Le candy bar est pr\u00e9sent \u00e9galement dans la partie vin d&rsquo;honneur. Retrouvez les d\u00e9tails en cliquant sur les photos ci-dessous Le chevalet pr\u00e9sente le plan [&hellip;]<\/p>\n","protected":false},"author":1,"featured_media":0,"parent":25,"menu_order":43,"comment_status":"closed","ping_status":"closed","template":"","meta":{"ngg_post_thumbnail":0,"footnotes":"","_links_to":"","_links_to_target":""},"class_list":["post-7933","page","type-page","status-publish","hentry"],"yoast_head":"<!-- This site is optimized with the Yoast SEO plugin v21.5 - https:\/\/yoast.com\/wordpress\/plugins\/seo\/ -->\n<title>Mariage gris parme et orchid\u00e9es | Etoile de rose<\/title>\n<meta name=\"description\" content=\"Un mariage gris parme et orchid\u00e9es pour cette d\u00e9coration au Brun de Neuville, r\u00e9alis\u00e9e par \u00c9toile de rose, r\u00e9alisez votre devis en ligne!\" \/>\n<meta name=\"robots\" content=\"index, follow, max-snippet:-1, max-image-preview:large, max-video-preview:-1\" \/>\n<link rel=\"canonical\" href=\"https:\/\/www.etoilederose.fr\/index.php\/quelques-realisations\/mariage-gris-parme-et-orchidees\" \/>\n<meta name=\"twitter:label1\" content=\"Dur\u00e9e de lecture estim\u00e9e\" \/>\n\t<meta name=\"twitter:data1\" content=\"4 minutes\" \/>\n<script type=\"application\/ld+json\" class=\"yoast-schema-graph\">{\"@context\":\"https:\/\/schema.org\",\"@graph\":[{\"@type\":\"WebPage\",\"@id\":\"https:\/\/www.etoilederose.fr\/index.php\/quelques-realisations\/mariage-gris-parme-et-orchidees\",\"url\":\"https:\/\/www.etoilederose.fr\/index.php\/quelques-realisations\/mariage-gris-parme-et-orchidees\",\"name\":\"Mariage gris parme et orchid\u00e9es | Etoile de rose\",\"isPartOf\":{\"@id\":\"https:\/\/www.etoilederose.fr\/#website\"},\"datePublished\":\"2022-02-10T21:21:07+00:00\",\"dateModified\":\"2022-02-12T09:47:35+00:00\",\"description\":\"Un mariage gris parme et orchid\u00e9es pour cette d\u00e9coration au Brun de Neuville, r\u00e9alis\u00e9e par \u00c9toile de rose, r\u00e9alisez votre devis en ligne!\",\"breadcrumb\":{\"@id\":\"https:\/\/www.etoilederose.fr\/index.php\/quelques-realisations\/mariage-gris-parme-et-orchidees#breadcrumb\"},\"inLanguage\":\"fr-FR\",\"potentialAction\":[{\"@type\":\"ReadAction\",\"target\":[\"https:\/\/www.etoilederose.fr\/index.php\/quelques-realisations\/mariage-gris-parme-et-orchidees\"]}]},{\"@type\":\"BreadcrumbList\",\"@id\":\"https:\/\/www.etoilederose.fr\/index.php\/quelques-realisations\/mariage-gris-parme-et-orchidees#breadcrumb\",\"itemListElement\":[{\"@type\":\"ListItem\",\"position\":1,\"name\":\"Home\",\"item\":\"https:\/\/www.etoilederose.fr\/\"},{\"@type\":\"ListItem\",\"position\":2,\"name\":\"R\u00e9alisations\",\"item\":\"https:\/\/www.etoilederose.fr\/index.php\/quelques-realisations\"},{\"@type\":\"ListItem\",\"position\":3,\"name\":\"Mariage gris parme et orchid\u00e9es\"}]},{\"@type\":\"WebSite\",\"@id\":\"https:\/\/www.etoilederose.fr\/#website\",\"url\":\"https:\/\/www.etoilederose.fr\/\",\"name\":\"Etoile de rose\",\"description\":\"Etoile de rose D\u00e9coration \u00e9v\u00e9nementielle\",\"publisher\":{\"@id\":\"https:\/\/www.etoilederose.fr\/#\/schema\/person\/2d9d1db00dba3c640fa38b8b1abbdcaf\"},\"potentialAction\":[{\"@type\":\"SearchAction\",\"target\":{\"@type\":\"EntryPoint\",\"urlTemplate\":\"https:\/\/www.etoilederose.fr\/?s={search_term_string}\"},\"query-input\":\"required name=search_term_string\"}],\"inLanguage\":\"fr-FR\"},{\"@type\":[\"Person\",\"Organization\"],\"@id\":\"https:\/\/www.etoilederose.fr\/#\/schema\/person\/2d9d1db00dba3c640fa38b8b1abbdcaf\",\"name\":\"admin\",\"image\":{\"@type\":\"ImageObject\",\"inLanguage\":\"fr-FR\",\"@id\":\"https:\/\/www.etoilederose.fr\/#\/schema\/person\/image\/\",\"url\":\"https:\/\/www.etoilederose.fr\/wp-content\/uploads\/2026\/01\/logo_noir.jpg\",\"contentUrl\":\"https:\/\/www.etoilederose.fr\/wp-content\/uploads\/2026\/01\/logo_noir.jpg\",\"width\":1150,\"height\":1150,\"caption\":\"admin\"},\"logo\":{\"@id\":\"https:\/\/www.etoilederose.fr\/#\/schema\/person\/image\/\"},\"description\":\"D\u00e9coratrice \u00e9v\u00e9nementiel depuis 15 ans, je me suis dirig\u00e9e depuis 8 ans dans le domaine de la d\u00e9coration de vitrines de magasins.\",\"sameAs\":[\"http:\/\/www.etoilederose.fr\",\"https:\/\/www.facebook.com\/etoilederose.fr\/?ref=aymt_homepage_panel\",\"https:\/\/www.instagram.com\/etoile.de.rose\/\",\"https:\/\/twitter.com\/https:\/\/twitter.com\/wwwetoilederose?lang=fr\"]}]}<\/script>\n<!-- \/ Yoast SEO plugin. -->","yoast_head_json":{"title":"Mariage gris parme et orchid\u00e9es | Etoile de rose","description":"Un mariage gris parme et orchid\u00e9es pour cette d\u00e9coration au Brun de Neuville, r\u00e9alis\u00e9e par \u00c9toile de rose, r\u00e9alisez votre devis en ligne!","robots":{"index":"index","follow":"follow","max-snippet":"max-snippet:-1","max-image-preview":"max-image-preview:large","max-video-preview":"max-video-preview:-1"},"canonical":"https:\/\/www.etoilederose.fr\/index.php\/quelques-realisations\/mariage-gris-parme-et-orchidees","twitter_misc":{"Dur\u00e9e de lecture estim\u00e9e":"4 minutes"},"schema":{"@context":"https:\/\/schema.org","@graph":[{"@type":"WebPage","@id":"https:\/\/www.etoilederose.fr\/index.php\/quelques-realisations\/mariage-gris-parme-et-orchidees","url":"https:\/\/www.etoilederose.fr\/index.php\/quelques-realisations\/mariage-gris-parme-et-orchidees","name":"Mariage gris parme et orchid\u00e9es | Etoile de rose","isPartOf":{"@id":"https:\/\/www.etoilederose.fr\/#website"},"datePublished":"2022-02-10T21:21:07+00:00","dateModified":"2022-02-12T09:47:35+00:00","description":"Un mariage gris parme et orchid\u00e9es pour cette d\u00e9coration au Brun de Neuville, r\u00e9alis\u00e9e par \u00c9toile de rose, r\u00e9alisez votre devis en ligne!","breadcrumb":{"@id":"https:\/\/www.etoilederose.fr\/index.php\/quelques-realisations\/mariage-gris-parme-et-orchidees#breadcrumb"},"inLanguage":"fr-FR","potentialAction":[{"@type":"ReadAction","target":["https:\/\/www.etoilederose.fr\/index.php\/quelques-realisations\/mariage-gris-parme-et-orchidees"]}]},{"@type":"BreadcrumbList","@id":"https:\/\/www.etoilederose.fr\/index.php\/quelques-realisations\/mariage-gris-parme-et-orchidees#breadcrumb","itemListElement":[{"@type":"ListItem","position":1,"name":"Home","item":"https:\/\/www.etoilederose.fr\/"},{"@type":"ListItem","position":2,"name":"R\u00e9alisations","item":"https:\/\/www.etoilederose.fr\/index.php\/quelques-realisations"},{"@type":"ListItem","position":3,"name":"Mariage gris parme et orchid\u00e9es"}]},{"@type":"WebSite","@id":"https:\/\/www.etoilederose.fr\/#website","url":"https:\/\/www.etoilederose.fr\/","name":"Etoile de rose","description":"Etoile de rose D\u00e9coration \u00e9v\u00e9nementielle","publisher":{"@id":"https:\/\/www.etoilederose.fr\/#\/schema\/person\/2d9d1db00dba3c640fa38b8b1abbdcaf"},"potentialAction":[{"@type":"SearchAction","target":{"@type":"EntryPoint","urlTemplate":"https:\/\/www.etoilederose.fr\/?s={search_term_string}"},"query-input":"required name=search_term_string"}],"inLanguage":"fr-FR"},{"@type":["Person","Organization"],"@id":"https:\/\/www.etoilederose.fr\/#\/schema\/person\/2d9d1db00dba3c640fa38b8b1abbdcaf","name":"admin","image":{"@type":"ImageObject","inLanguage":"fr-FR","@id":"https:\/\/www.etoilederose.fr\/#\/schema\/person\/image\/","url":"https:\/\/www.etoilederose.fr\/wp-content\/uploads\/2026\/01\/logo_noir.jpg","contentUrl":"https:\/\/www.etoilederose.fr\/wp-content\/uploads\/2026\/01\/logo_noir.jpg","width":1150,"height":1150,"caption":"admin"},"logo":{"@id":"https:\/\/www.etoilederose.fr\/#\/schema\/person\/image\/"},"description":"D\u00e9coratrice \u00e9v\u00e9nementiel depuis 15 ans, je me suis dirig\u00e9e depuis 8 ans dans le domaine de la d\u00e9coration de vitrines de magasins.","sameAs":["http:\/\/www.etoilederose.fr","https:\/\/www.facebook.com\/etoilederose.fr\/?ref=aymt_homepage_panel","https:\/\/www.instagram.com\/etoile.de.rose\/","https:\/\/twitter.com\/https:\/\/twitter.com\/wwwetoilederose?lang=fr"]}]}},"_links":{"self":[{"href":"https:\/\/www.etoilederose.fr\/index.php\/wp-json\/wp\/v2\/pages\/7933","targetHints":{"allow":["GET"]}}],"collection":[{"href":"https:\/\/www.etoilederose.fr\/index.php\/wp-json\/wp\/v2\/pages"}],"about":[{"href":"https:\/\/www.etoilederose.fr\/index.php\/wp-json\/wp\/v2\/types\/page"}],"author":[{"embeddable":true,"href":"https:\/\/www.etoilederose.fr\/index.php\/wp-json\/wp\/v2\/users\/1"}],"replies":[{"embeddable":true,"href":"https:\/\/www.etoilederose.fr\/index.php\/wp-json\/wp\/v2\/comments?post=7933"}],"version-history":[{"count":9,"href":"https:\/\/www.etoilederose.fr\/index.php\/wp-json\/wp\/v2\/pages\/7933\/revisions"}],"predecessor-version":[{"id":8100,"href":"https:\/\/www.etoilederose.fr\/index.php\/wp-json\/wp\/v2\/pages\/7933\/revisions\/8100"}],"up":[{"embeddable":true,"href":"https:\/\/www.etoilederose.fr\/index.php\/wp-json\/wp\/v2\/pages\/25"}],"wp:attachment":[{"href":"https:\/\/www.etoilederose.fr\/index.php\/wp-json\/wp\/v2\/media?parent=7933"}],"curies":[{"name":"wp","href":"https:\/\/api.w.org\/{rel}","templated":true}]}}