{"id":7805,"date":"2022-02-10T15:24:15","date_gmt":"2022-02-10T15:24:15","guid":{"rendered":"https:\/\/www.etoilederose.fr\/?page_id=7805"},"modified":"2022-02-12T09:45:40","modified_gmt":"2022-02-12T09:45:40","slug":"mariage-champetre-a-la-cabane","status":"publish","type":"page","link":"https:\/\/www.etoilederose.fr\/index.php\/quelques-realisations\/mariage-champetre-a-la-cabane","title":{"rendered":"Mariage champ\u00eatre \u00e0 \u00ab\u00a0La Cabane\u00a0\u00bb"},"content":{"rendered":"\n<div class=\"wp-block-image is-style-default\"><figure class=\"aligncenter size-large is-resized\"><a href=\"https:\/\/www.etoilederose.fr\/wp-content\/uploads\/2022\/02\/208413367_10223675643612046_8570861615307744306_n.jpg\" rel=\"lightbox[7805]\"><img loading=\"lazy\" decoding=\"async\" src=\"https:\/\/www.etoilederose.fr\/wp-content\/uploads\/2022\/02\/208413367_10223675643612046_8570861615307744306_n-1024x512.jpg\" alt=\"Mariage champ\u00eatre \u00e0 La Cabane\" class=\"wp-image-7806\" width=\"544\" height=\"272\" srcset=\"https:\/\/www.etoilederose.fr\/wp-content\/uploads\/2022\/02\/208413367_10223675643612046_8570861615307744306_n-1024x512.jpg 1024w, https:\/\/www.etoilederose.fr\/wp-content\/uploads\/2022\/02\/208413367_10223675643612046_8570861615307744306_n-300x150.jpg 300w, https:\/\/www.etoilederose.fr\/wp-content\/uploads\/2022\/02\/208413367_10223675643612046_8570861615307744306_n-768x384.jpg 768w, https:\/\/www.etoilederose.fr\/wp-content\/uploads\/2022\/02\/208413367_10223675643612046_8570861615307744306_n.jpg 1280w\" sizes=\"auto, (max-width: 544px) 100vw, 544px\" \/><\/a><figcaption>Mariage champ\u00eatre \u00e0 La Cabane<\/figcaption><\/figure><\/div>\n\n\n\n<p>Voici une d\u00e9coration de Mariage champ\u00eatre \u00e0 <a href=\"https:\/\/www.sallesdesfetes.fr\/salle-des-fetes\/champagne-ardenne\/10-aube\/10150-pont-sainte-marie\/5bfa8cef62a988ca188b4567\/la-cabane-blaisot-traiteur\" target=\"_blank\" rel=\"noreferrer noopener\">\u00ab\u00a0La Cabane\u00a0\u00bb<\/a>. <\/p>\n\n\n\n<h2 class=\"wp-block-heading\" id=\"la-ceremonie-laique\"><mark style=\"background-color:rgba(0, 0, 0, 0)\" class=\"has-inline-color has-black-color\">La c\u00e9r\u00e9monie la\u00efque<\/mark><\/h2>\n\n\n\n<p>Dans un premier temps, d\u00e9couvrons la c\u00e9r\u00e9monie la\u00efque. (<a href=\"https:\/\/www.etoilederose.fr\/index.php\/tarifs-locations\/arche-de-ceremonie-6\" target=\"_blank\" rel=\"noreferrer noopener\">L&rsquo;arche en bois<\/a> propos\u00e9e en location).<\/p>\n\n\n\n<p>Du voile blanc et des fleurs artificielles sont pos\u00e9s dessus. Seul le lierre et les fleurs s\u00e9ch\u00e9es sont naturelles. Le voile apporte un plus aux chaises des mari\u00e9s, et le bl\u00e9 , pos\u00e9 de fa\u00e7on originale ne g\u00e8ne pas les invit\u00e9s. D\u00e9couvrez les photos.<\/p>\n\n\n\n<div class=\"wp-block-image is-style-default\"><figure class=\"aligncenter size-large is-resized\"><a href=\"https:\/\/www.etoilederose.fr\/wp-content\/uploads\/2022\/02\/3-M.jpg\" rel=\"lightbox[7805]\"><img loading=\"lazy\" decoding=\"async\" src=\"https:\/\/www.etoilederose.fr\/wp-content\/uploads\/2022\/02\/3-M-683x1024.jpg\" alt=\"Arche en bois en location\" class=\"wp-image-7810\" width=\"535\" height=\"803\" srcset=\"https:\/\/www.etoilederose.fr\/wp-content\/uploads\/2022\/02\/3-M-683x1024.jpg 683w, https:\/\/www.etoilederose.fr\/wp-content\/uploads\/2022\/02\/3-M-200x300.jpg 200w, https:\/\/www.etoilederose.fr\/wp-content\/uploads\/2022\/02\/3-M-768x1152.jpg 768w, https:\/\/www.etoilederose.fr\/wp-content\/uploads\/2022\/02\/3-M-1024x1536.jpg 1024w, https:\/\/www.etoilederose.fr\/wp-content\/uploads\/2022\/02\/3-M-1365x2048.jpg 1365w, https:\/\/www.etoilederose.fr\/wp-content\/uploads\/2022\/02\/3-M.jpg 1500w\" sizes=\"auto, (max-width: 535px) 100vw, 535px\" \/><\/a><figcaption>Arche en bois en location<\/figcaption><\/figure><\/div>\n\n\nngg_shortcode_0_placeholder\n\n\n\n<h2 class=\"wp-block-heading\" id=\"la-salle-de-reception\"><mark style=\"background-color:rgba(0, 0, 0, 0)\" class=\"has-inline-color has-black-color\">La salle de r\u00e9ception<\/mark><\/h2>\n\n\n\n<p>Les guirlandes guinguettes sont install\u00e9es dans la salle en permanence par le propri\u00e9taire. Dans la vue d&rsquo;ensemble nous d\u00e9couvrons les boules japonaises et les attrapes-r\u00eaves de toutes tailles.<\/p>\n\n\n\n<div class=\"wp-block-image is-style-default\"><figure class=\"aligncenter size-large is-resized\"><a href=\"https:\/\/www.etoilederose.fr\/wp-content\/uploads\/2022\/02\/13-M.jpg\" rel=\"lightbox[7805]\"><img loading=\"lazy\" decoding=\"async\" src=\"https:\/\/www.etoilederose.fr\/wp-content\/uploads\/2022\/02\/13-M-683x1024.jpg\" alt=\"Attrape-r\u00eave g\u00e9ant plafond de salle\" class=\"wp-image-7809\" width=\"533\" height=\"799\" srcset=\"https:\/\/www.etoilederose.fr\/wp-content\/uploads\/2022\/02\/13-M-683x1024.jpg 683w, https:\/\/www.etoilederose.fr\/wp-content\/uploads\/2022\/02\/13-M-200x300.jpg 200w, https:\/\/www.etoilederose.fr\/wp-content\/uploads\/2022\/02\/13-M-768x1152.jpg 768w, https:\/\/www.etoilederose.fr\/wp-content\/uploads\/2022\/02\/13-M-1024x1536.jpg 1024w, https:\/\/www.etoilederose.fr\/wp-content\/uploads\/2022\/02\/13-M-1365x2048.jpg 1365w, https:\/\/www.etoilederose.fr\/wp-content\/uploads\/2022\/02\/13-M.jpg 1500w\" sizes=\"auto, (max-width: 533px) 100vw, 533px\" \/><\/a><figcaption>Attrape-r\u00eave g\u00e9ant plafond de salle<\/figcaption><\/figure><\/div>\n\n\n\n<p><a href=\"https:\/\/www.etoilederose.fr\/wp-content\/uploads\/2022\/02\/Cage-a-oiseau.jpg\" target=\"_blank\" rel=\"noreferrer noopener\" rel=\"lightbox[7805]\">Des cages \u00e0 oiseaux<\/a> servent de centres de tables. et propos\u00e9es en location, les fleurs sont artificielles. J&rsquo;ai ajout\u00e9 du lierre naturel pour le c\u00f4t\u00e9 romantique de la d\u00e9coration. Une LEDS en cire s&rsquo;allume au centre gr\u00e2ce \u00e0 une t\u00e9l\u00e9commande. De jolis centres de tables pour les petits budgets et qui font leur effet.<\/p>\n\n\n\n<div class=\"wp-block-image is-style-default\"><figure class=\"aligncenter size-large is-resized\"><a href=\"https:\/\/www.etoilederose.fr\/wp-content\/uploads\/2022\/02\/9-M.jpg\" rel=\"lightbox[7805]\"><img loading=\"lazy\" decoding=\"async\" src=\"https:\/\/www.etoilederose.fr\/wp-content\/uploads\/2022\/02\/9-M-1024x683.jpg\" alt=\"Centre de table cage fleurie\" class=\"wp-image-7822\" width=\"538\" height=\"359\" srcset=\"https:\/\/www.etoilederose.fr\/wp-content\/uploads\/2022\/02\/9-M-1024x683.jpg 1024w, https:\/\/www.etoilederose.fr\/wp-content\/uploads\/2022\/02\/9-M-300x200.jpg 300w, https:\/\/www.etoilederose.fr\/wp-content\/uploads\/2022\/02\/9-M-768x512.jpg 768w, https:\/\/www.etoilederose.fr\/wp-content\/uploads\/2022\/02\/9-M.jpg 1500w\" sizes=\"auto, (max-width: 538px) 100vw, 538px\" \/><\/a><figcaption>Centre de table cage fleurie<\/figcaption><\/figure><\/div>\n\n\n\n<p>Ci-dessous vous pourrez appr\u00e9cier quelques photos suppl\u00e9mentaires en cliquant sur les images pour les agrandir.<\/p>\n\n\nngg_shortcode_1_placeholder\n\n\n\n<p>Pour ce mariage, \u00c9toile de rose a propos\u00e9 en location et lou\u00e9 :<\/p>\n\n\n\n<ul class=\"wp-block-list\"><li>Des attrapes-r\u00eaves pos\u00e9s au plafond, ainsi que des boules japonaises.<\/li><li>Housses de chaises en lycra<\/li><li>Les noeuds en jute en dentelle<\/li><li>Cages fleuries et LED en cire<\/li><li>Chemin de tables  15 cm en jute et dentelle<\/li><li>Arche en bois, et sa d\u00e9coration champ\u00eatre<\/li><li>D\u00e9coration du vin d&rsquo;honneur avec mise en valeur de l&rsquo;urne<\/li><\/ul>\n\n\n\n<p>Vous aussi : faites faire votre devis pendant un rendez-vous \u00e0 l&rsquo;agence \u00c9toile de rose.<\/p>\n\n\n\n<p>Les tarifs des locations sont indiqu\u00e9s <a href=\"https:\/\/www.etoilederose.fr\/index.php\/tarifs-locations\" target=\"_blank\" rel=\"noreferrer noopener\">ici<\/a>.  par ailleurs, vous pouvez installer vous-m\u00eame votre d\u00e9coration (sauf rideaux de salle et candy bar). Devis sans engagement, uniquement sur rendez-vous.<\/p>\n","protected":false},"excerpt":{"rendered":"<p>Voici une d\u00e9coration de Mariage champ\u00eatre \u00e0 \u00ab\u00a0La Cabane\u00a0\u00bb. La c\u00e9r\u00e9monie la\u00efque Dans un premier temps, d\u00e9couvrons la c\u00e9r\u00e9monie la\u00efque. (L&rsquo;arche en bois propos\u00e9e en location). Du voile blanc et des fleurs artificielles sont pos\u00e9s dessus. Seul le lierre et les fleurs s\u00e9ch\u00e9es sont naturelles. Le voile apporte un plus aux chaises des mari\u00e9s, et [&hellip;]<\/p>\n","protected":false},"author":1,"featured_media":0,"parent":25,"menu_order":30,"comment_status":"closed","ping_status":"closed","template":"","meta":{"ngg_post_thumbnail":0,"footnotes":"","_links_to":"","_links_to_target":""},"class_list":["post-7805","page","type-page","status-publish","hentry"],"yoast_head":"<!-- This site is optimized with the Yoast SEO plugin v21.5 - https:\/\/yoast.com\/wordpress\/plugins\/seo\/ -->\n<title>Mariage champ\u00eatre \u00e0 &quot;La Cabane&quot; | Etoile de rose<\/title>\n<meta name=\"description\" content=\"Mariage champ\u00eatre \u00e0 &quot;La Cabane&quot; \u00e0 Pont Ste Marie 10, centres de tables cages \u00e0 oiseaux fleuries, une d\u00e9coration par \u00c9toile de rose\" \/>\n<meta name=\"robots\" content=\"index, follow, max-snippet:-1, max-image-preview:large, max-video-preview:-1\" \/>\n<link rel=\"canonical\" href=\"https:\/\/www.etoilederose.fr\/index.php\/quelques-realisations\/mariage-champetre-a-la-cabane\" \/>\n<meta name=\"twitter:label1\" content=\"Dur\u00e9e de lecture estim\u00e9e\" \/>\n\t<meta name=\"twitter:data1\" content=\"3 minutes\" \/>\n<script type=\"application\/ld+json\" class=\"yoast-schema-graph\">{\"@context\":\"https:\/\/schema.org\",\"@graph\":[{\"@type\":\"WebPage\",\"@id\":\"https:\/\/www.etoilederose.fr\/index.php\/quelques-realisations\/mariage-champetre-a-la-cabane\",\"url\":\"https:\/\/www.etoilederose.fr\/index.php\/quelques-realisations\/mariage-champetre-a-la-cabane\",\"name\":\"Mariage champ\u00eatre \u00e0 \\\"La Cabane\\\" | Etoile de rose\",\"isPartOf\":{\"@id\":\"https:\/\/www.etoilederose.fr\/#website\"},\"datePublished\":\"2022-02-10T15:24:15+00:00\",\"dateModified\":\"2022-02-12T09:45:40+00:00\",\"description\":\"Mariage champ\u00eatre \u00e0 \\\"La Cabane\\\" \u00e0 Pont Ste Marie 10, centres de tables cages \u00e0 oiseaux fleuries, une d\u00e9coration par \u00c9toile de rose\",\"breadcrumb\":{\"@id\":\"https:\/\/www.etoilederose.fr\/index.php\/quelques-realisations\/mariage-champetre-a-la-cabane#breadcrumb\"},\"inLanguage\":\"fr-FR\",\"potentialAction\":[{\"@type\":\"ReadAction\",\"target\":[\"https:\/\/www.etoilederose.fr\/index.php\/quelques-realisations\/mariage-champetre-a-la-cabane\"]}]},{\"@type\":\"BreadcrumbList\",\"@id\":\"https:\/\/www.etoilederose.fr\/index.php\/quelques-realisations\/mariage-champetre-a-la-cabane#breadcrumb\",\"itemListElement\":[{\"@type\":\"ListItem\",\"position\":1,\"name\":\"Home\",\"item\":\"https:\/\/www.etoilederose.fr\/\"},{\"@type\":\"ListItem\",\"position\":2,\"name\":\"R\u00e9alisations\",\"item\":\"https:\/\/www.etoilederose.fr\/index.php\/quelques-realisations\"},{\"@type\":\"ListItem\",\"position\":3,\"name\":\"Mariage champ\u00eatre \u00e0 \u00ab\u00a0La Cabane\u00a0\u00bb\"}]},{\"@type\":\"WebSite\",\"@id\":\"https:\/\/www.etoilederose.fr\/#website\",\"url\":\"https:\/\/www.etoilederose.fr\/\",\"name\":\"Etoile de rose\",\"description\":\"Etoile de rose D\u00e9coration \u00e9v\u00e9nementielle\",\"publisher\":{\"@id\":\"https:\/\/www.etoilederose.fr\/#\/schema\/person\/2d9d1db00dba3c640fa38b8b1abbdcaf\"},\"potentialAction\":[{\"@type\":\"SearchAction\",\"target\":{\"@type\":\"EntryPoint\",\"urlTemplate\":\"https:\/\/www.etoilederose.fr\/?s={search_term_string}\"},\"query-input\":\"required name=search_term_string\"}],\"inLanguage\":\"fr-FR\"},{\"@type\":[\"Person\",\"Organization\"],\"@id\":\"https:\/\/www.etoilederose.fr\/#\/schema\/person\/2d9d1db00dba3c640fa38b8b1abbdcaf\",\"name\":\"admin\",\"image\":{\"@type\":\"ImageObject\",\"inLanguage\":\"fr-FR\",\"@id\":\"https:\/\/www.etoilederose.fr\/#\/schema\/person\/image\/\",\"url\":\"https:\/\/www.etoilederose.fr\/wp-content\/uploads\/2026\/01\/logo_noir.jpg\",\"contentUrl\":\"https:\/\/www.etoilederose.fr\/wp-content\/uploads\/2026\/01\/logo_noir.jpg\",\"width\":1150,\"height\":1150,\"caption\":\"admin\"},\"logo\":{\"@id\":\"https:\/\/www.etoilederose.fr\/#\/schema\/person\/image\/\"},\"description\":\"D\u00e9coratrice \u00e9v\u00e9nementiel depuis 15 ans, je me suis dirig\u00e9e depuis 8 ans dans le domaine de la d\u00e9coration de vitrines de magasins.\",\"sameAs\":[\"http:\/\/www.etoilederose.fr\",\"https:\/\/www.facebook.com\/etoilederose.fr\/?ref=aymt_homepage_panel\",\"https:\/\/www.instagram.com\/etoile.de.rose\/\",\"https:\/\/twitter.com\/https:\/\/twitter.com\/wwwetoilederose?lang=fr\"]}]}<\/script>\n<!-- \/ Yoast SEO plugin. -->","yoast_head_json":{"title":"Mariage champ\u00eatre \u00e0 \"La Cabane\" | Etoile de rose","description":"Mariage champ\u00eatre \u00e0 \"La Cabane\" \u00e0 Pont Ste Marie 10, centres de tables cages \u00e0 oiseaux fleuries, une d\u00e9coration par \u00c9toile de rose","robots":{"index":"index","follow":"follow","max-snippet":"max-snippet:-1","max-image-preview":"max-image-preview:large","max-video-preview":"max-video-preview:-1"},"canonical":"https:\/\/www.etoilederose.fr\/index.php\/quelques-realisations\/mariage-champetre-a-la-cabane","twitter_misc":{"Dur\u00e9e de lecture estim\u00e9e":"3 minutes"},"schema":{"@context":"https:\/\/schema.org","@graph":[{"@type":"WebPage","@id":"https:\/\/www.etoilederose.fr\/index.php\/quelques-realisations\/mariage-champetre-a-la-cabane","url":"https:\/\/www.etoilederose.fr\/index.php\/quelques-realisations\/mariage-champetre-a-la-cabane","name":"Mariage champ\u00eatre \u00e0 \"La Cabane\" | Etoile de rose","isPartOf":{"@id":"https:\/\/www.etoilederose.fr\/#website"},"datePublished":"2022-02-10T15:24:15+00:00","dateModified":"2022-02-12T09:45:40+00:00","description":"Mariage champ\u00eatre \u00e0 \"La Cabane\" \u00e0 Pont Ste Marie 10, centres de tables cages \u00e0 oiseaux fleuries, une d\u00e9coration par \u00c9toile de rose","breadcrumb":{"@id":"https:\/\/www.etoilederose.fr\/index.php\/quelques-realisations\/mariage-champetre-a-la-cabane#breadcrumb"},"inLanguage":"fr-FR","potentialAction":[{"@type":"ReadAction","target":["https:\/\/www.etoilederose.fr\/index.php\/quelques-realisations\/mariage-champetre-a-la-cabane"]}]},{"@type":"BreadcrumbList","@id":"https:\/\/www.etoilederose.fr\/index.php\/quelques-realisations\/mariage-champetre-a-la-cabane#breadcrumb","itemListElement":[{"@type":"ListItem","position":1,"name":"Home","item":"https:\/\/www.etoilederose.fr\/"},{"@type":"ListItem","position":2,"name":"R\u00e9alisations","item":"https:\/\/www.etoilederose.fr\/index.php\/quelques-realisations"},{"@type":"ListItem","position":3,"name":"Mariage champ\u00eatre \u00e0 \u00ab\u00a0La Cabane\u00a0\u00bb"}]},{"@type":"WebSite","@id":"https:\/\/www.etoilederose.fr\/#website","url":"https:\/\/www.etoilederose.fr\/","name":"Etoile de rose","description":"Etoile de rose D\u00e9coration \u00e9v\u00e9nementielle","publisher":{"@id":"https:\/\/www.etoilederose.fr\/#\/schema\/person\/2d9d1db00dba3c640fa38b8b1abbdcaf"},"potentialAction":[{"@type":"SearchAction","target":{"@type":"EntryPoint","urlTemplate":"https:\/\/www.etoilederose.fr\/?s={search_term_string}"},"query-input":"required name=search_term_string"}],"inLanguage":"fr-FR"},{"@type":["Person","Organization"],"@id":"https:\/\/www.etoilederose.fr\/#\/schema\/person\/2d9d1db00dba3c640fa38b8b1abbdcaf","name":"admin","image":{"@type":"ImageObject","inLanguage":"fr-FR","@id":"https:\/\/www.etoilederose.fr\/#\/schema\/person\/image\/","url":"https:\/\/www.etoilederose.fr\/wp-content\/uploads\/2026\/01\/logo_noir.jpg","contentUrl":"https:\/\/www.etoilederose.fr\/wp-content\/uploads\/2026\/01\/logo_noir.jpg","width":1150,"height":1150,"caption":"admin"},"logo":{"@id":"https:\/\/www.etoilederose.fr\/#\/schema\/person\/image\/"},"description":"D\u00e9coratrice \u00e9v\u00e9nementiel depuis 15 ans, je me suis dirig\u00e9e depuis 8 ans dans le domaine de la d\u00e9coration de vitrines de magasins.","sameAs":["http:\/\/www.etoilederose.fr","https:\/\/www.facebook.com\/etoilederose.fr\/?ref=aymt_homepage_panel","https:\/\/www.instagram.com\/etoile.de.rose\/","https:\/\/twitter.com\/https:\/\/twitter.com\/wwwetoilederose?lang=fr"]}]}},"_links":{"self":[{"href":"https:\/\/www.etoilederose.fr\/index.php\/wp-json\/wp\/v2\/pages\/7805","targetHints":{"allow":["GET"]}}],"collection":[{"href":"https:\/\/www.etoilederose.fr\/index.php\/wp-json\/wp\/v2\/pages"}],"about":[{"href":"https:\/\/www.etoilederose.fr\/index.php\/wp-json\/wp\/v2\/types\/page"}],"author":[{"embeddable":true,"href":"https:\/\/www.etoilederose.fr\/index.php\/wp-json\/wp\/v2\/users\/1"}],"replies":[{"embeddable":true,"href":"https:\/\/www.etoilederose.fr\/index.php\/wp-json\/wp\/v2\/comments?post=7805"}],"version-history":[{"count":10,"href":"https:\/\/www.etoilederose.fr\/index.php\/wp-json\/wp\/v2\/pages\/7805\/revisions"}],"predecessor-version":[{"id":8098,"href":"https:\/\/www.etoilederose.fr\/index.php\/wp-json\/wp\/v2\/pages\/7805\/revisions\/8098"}],"up":[{"embeddable":true,"href":"https:\/\/www.etoilederose.fr\/index.php\/wp-json\/wp\/v2\/pages\/25"}],"wp:attachment":[{"href":"https:\/\/www.etoilederose.fr\/index.php\/wp-json\/wp\/v2\/media?parent=7805"}],"curies":[{"name":"wp","href":"https:\/\/api.w.org\/{rel}","templated":true}]}}