{"id":7780,"date":"2022-02-10T14:42:43","date_gmt":"2022-02-10T14:42:43","guid":{"rendered":"https:\/\/www.etoilederose.fr\/?page_id=7780"},"modified":"2022-02-10T15:18:43","modified_gmt":"2022-02-10T15:18:43","slug":"mariage-bleu-roi-gris-blanc","status":"publish","type":"page","link":"https:\/\/www.etoilederose.fr\/index.php\/quelques-realisations\/mariage-bleu-roi-gris-blanc","title":{"rendered":"Mariage bleu-roi gris blanc"},"content":{"rendered":"\n<div class=\"wp-block-image is-style-default\"><figure class=\"aligncenter size-large is-resized\"><a href=\"https:\/\/www.etoilederose.fr\/wp-content\/uploads\/2022\/02\/Fr8.jpg\" rel=\"lightbox[7780]\"><img loading=\"lazy\" decoding=\"async\" src=\"https:\/\/www.etoilederose.fr\/wp-content\/uploads\/2022\/02\/Fr8-1024x683.jpg\" alt=\"Mariage bleu-roi gris blanc\" class=\"wp-image-7781\" width=\"610\" height=\"406\" srcset=\"https:\/\/www.etoilederose.fr\/wp-content\/uploads\/2022\/02\/Fr8-1024x683.jpg 1024w, https:\/\/www.etoilederose.fr\/wp-content\/uploads\/2022\/02\/Fr8-300x200.jpg 300w, https:\/\/www.etoilederose.fr\/wp-content\/uploads\/2022\/02\/Fr8-768x512.jpg 768w, https:\/\/www.etoilederose.fr\/wp-content\/uploads\/2022\/02\/Fr8.jpg 1200w\" sizes=\"auto, (max-width: 610px) 100vw, 610px\" \/><\/a><figcaption>Mariage bleu-roi gris blanc<\/figcaption><\/figure><\/div>\n\n\n\n<p>Ici un mariage bleu-roi gris blanc dans la <a href=\"https:\/\/laines-aux-bois.fr\/salle-pluriactivites\/\" target=\"_blank\" rel=\"noreferrer noopener\">salle des f\u00eates de Laines aux bois<\/a>. Cette d\u00e9coration est toute en simplicit\u00e9 et la mari\u00e9e s&rsquo;est tr\u00e8s investie pour sa d\u00e9coration. Nous retrouvons <a href=\"https:\/\/www.etoilederose.fr\/wp-content\/uploads\/2022\/02\/Rideaux.jpg\" target=\"_blank\" rel=\"noreferrer noopener\" rel=\"lightbox[7780]\">le rideau \u00e0 LEDS<\/a> en location.<\/p>\n\n\n\n<p>Les housses de chaises et les noeuds sont lou\u00e9s et pos\u00e9s \u00e0 ma fa\u00e7on: un style original.<\/p>\n\n\n\n<p>Le vin d&rsquo;honneur est mis en valeur en accord avec le traiteur, et la famille a apport\u00e9 sa touche d\u00e9co.<\/p>\n\n\n\n<p>La mari\u00e9 a fabriqu\u00e9 son urne \u00e0 enveloppes, ses marques-places. Elle a aussi pr\u00e9vu son mini candy bar sur table avec quelques bonbonni\u00e8res. Voir photos ci-dessous<\/p>\n\n\nngg_shortcode_0_placeholder\n\n\n\n<div class=\"wp-block-image is-style-default\"><figure class=\"aligncenter size-large is-resized\"><a href=\"https:\/\/www.etoilederose.fr\/wp-content\/uploads\/2022\/02\/Fr1.jpg\" rel=\"lightbox[7780]\"><img loading=\"lazy\" decoding=\"async\" src=\"https:\/\/www.etoilederose.fr\/wp-content\/uploads\/2022\/02\/Fr1-683x1024.jpg\" alt=\"D\u00e9coration de vin d'honneur\" class=\"wp-image-7788\" width=\"608\" height=\"912\" srcset=\"https:\/\/www.etoilederose.fr\/wp-content\/uploads\/2022\/02\/Fr1-683x1024.jpg 683w, https:\/\/www.etoilederose.fr\/wp-content\/uploads\/2022\/02\/Fr1-200x300.jpg 200w, https:\/\/www.etoilederose.fr\/wp-content\/uploads\/2022\/02\/Fr1-768x1152.jpg 768w, https:\/\/www.etoilederose.fr\/wp-content\/uploads\/2022\/02\/Fr1-1024x1536.jpg 1024w, https:\/\/www.etoilederose.fr\/wp-content\/uploads\/2022\/02\/Fr1.jpg 1200w\" sizes=\"auto, (max-width: 608px) 100vw, 608px\" \/><\/a><figcaption>D\u00e9coration de vin d&rsquo;honneur<\/figcaption><\/figure><\/div>\n\n\nngg_shortcode_1_placeholder\n\n\n\n<p>En r\u00e9sum\u00e9 ici \u00c9toile de rose a fournit et pos\u00e9 :<\/p>\n\n\n\n<ul class=\"wp-block-list\"><li>Les tentures<\/li><li>Les housses et noeuds de chaises<\/li><li>Le rideau lumineux<\/li><li>Les boules japonaises <\/li><li>La guirlande guinguette pour le vin d&rsquo;honneur<\/li><li>La d\u00e9coration du buffet<\/li><\/ul>\n\n\n\n<p>Demandez aussi votre devis, ou prenez rendez-vous \u00e0 l&rsquo;agence pour discuter de votre d\u00e9coration et de votre projet de d\u00e9coration. Pour tout \u00e9v\u00e9nement, toute l&rsquo;ann\u00e9e, et en tout lieu, je peux \u00e9galement fournir les locations uniquement. <\/p>\n","protected":false},"excerpt":{"rendered":"<p>Ici un mariage bleu-roi gris blanc dans la salle des f\u00eates de Laines aux bois. Cette d\u00e9coration est toute en simplicit\u00e9 et la mari\u00e9e s&rsquo;est tr\u00e8s investie pour sa d\u00e9coration. Nous retrouvons le rideau \u00e0 LEDS en location. Les housses de chaises et les noeuds sont lou\u00e9s et pos\u00e9s \u00e0 ma fa\u00e7on: un style original. [&hellip;]<\/p>\n","protected":false},"author":1,"featured_media":0,"parent":25,"menu_order":90,"comment_status":"closed","ping_status":"closed","template":"","meta":{"ngg_post_thumbnail":0,"footnotes":"","_links_to":"","_links_to_target":""},"class_list":["post-7780","page","type-page","status-publish","hentry"],"yoast_head":"<!-- This site is optimized with the Yoast SEO plugin v21.5 - https:\/\/yoast.com\/wordpress\/plugins\/seo\/ -->\n<title>Mariage bleu-roi gris blanc | Etoile de rose<\/title>\n<meta name=\"description\" content=\"D\u00e9coration de Mariage bleu-roi gris blanc , dans une belle salle des f\u00eates de l&#039;Aube par \u00c9toile de rose ! devis en ligne\" \/>\n<meta name=\"robots\" content=\"index, follow, max-snippet:-1, max-image-preview:large, max-video-preview:-1\" \/>\n<link rel=\"canonical\" href=\"https:\/\/www.etoilederose.fr\/index.php\/quelques-realisations\/mariage-bleu-roi-gris-blanc\" \/>\n<meta name=\"twitter:label1\" content=\"Dur\u00e9e de lecture estim\u00e9e\" \/>\n\t<meta name=\"twitter:data1\" content=\"2 minutes\" \/>\n<script type=\"application\/ld+json\" class=\"yoast-schema-graph\">{\"@context\":\"https:\/\/schema.org\",\"@graph\":[{\"@type\":\"WebPage\",\"@id\":\"https:\/\/www.etoilederose.fr\/index.php\/quelques-realisations\/mariage-bleu-roi-gris-blanc\",\"url\":\"https:\/\/www.etoilederose.fr\/index.php\/quelques-realisations\/mariage-bleu-roi-gris-blanc\",\"name\":\"Mariage bleu-roi gris blanc | Etoile de rose\",\"isPartOf\":{\"@id\":\"https:\/\/www.etoilederose.fr\/#website\"},\"datePublished\":\"2022-02-10T14:42:43+00:00\",\"dateModified\":\"2022-02-10T15:18:43+00:00\",\"description\":\"D\u00e9coration de Mariage bleu-roi gris blanc , dans une belle salle des f\u00eates de l'Aube par \u00c9toile de rose ! devis en ligne\",\"breadcrumb\":{\"@id\":\"https:\/\/www.etoilederose.fr\/index.php\/quelques-realisations\/mariage-bleu-roi-gris-blanc#breadcrumb\"},\"inLanguage\":\"fr-FR\",\"potentialAction\":[{\"@type\":\"ReadAction\",\"target\":[\"https:\/\/www.etoilederose.fr\/index.php\/quelques-realisations\/mariage-bleu-roi-gris-blanc\"]}]},{\"@type\":\"BreadcrumbList\",\"@id\":\"https:\/\/www.etoilederose.fr\/index.php\/quelques-realisations\/mariage-bleu-roi-gris-blanc#breadcrumb\",\"itemListElement\":[{\"@type\":\"ListItem\",\"position\":1,\"name\":\"Home\",\"item\":\"https:\/\/www.etoilederose.fr\/\"},{\"@type\":\"ListItem\",\"position\":2,\"name\":\"R\u00e9alisations\",\"item\":\"https:\/\/www.etoilederose.fr\/index.php\/quelques-realisations\"},{\"@type\":\"ListItem\",\"position\":3,\"name\":\"Mariage bleu-roi gris blanc\"}]},{\"@type\":\"WebSite\",\"@id\":\"https:\/\/www.etoilederose.fr\/#website\",\"url\":\"https:\/\/www.etoilederose.fr\/\",\"name\":\"Etoile de rose\",\"description\":\"Etoile de rose D\u00e9coration \u00e9v\u00e9nementielle\",\"publisher\":{\"@id\":\"https:\/\/www.etoilederose.fr\/#\/schema\/person\/2d9d1db00dba3c640fa38b8b1abbdcaf\"},\"potentialAction\":[{\"@type\":\"SearchAction\",\"target\":{\"@type\":\"EntryPoint\",\"urlTemplate\":\"https:\/\/www.etoilederose.fr\/?s={search_term_string}\"},\"query-input\":\"required name=search_term_string\"}],\"inLanguage\":\"fr-FR\"},{\"@type\":[\"Person\",\"Organization\"],\"@id\":\"https:\/\/www.etoilederose.fr\/#\/schema\/person\/2d9d1db00dba3c640fa38b8b1abbdcaf\",\"name\":\"admin\",\"image\":{\"@type\":\"ImageObject\",\"inLanguage\":\"fr-FR\",\"@id\":\"https:\/\/www.etoilederose.fr\/#\/schema\/person\/image\/\",\"url\":\"https:\/\/www.etoilederose.fr\/wp-content\/uploads\/2026\/01\/logo_noir.jpg\",\"contentUrl\":\"https:\/\/www.etoilederose.fr\/wp-content\/uploads\/2026\/01\/logo_noir.jpg\",\"width\":1150,\"height\":1150,\"caption\":\"admin\"},\"logo\":{\"@id\":\"https:\/\/www.etoilederose.fr\/#\/schema\/person\/image\/\"},\"description\":\"D\u00e9coratrice \u00e9v\u00e9nementiel depuis 15 ans, je me suis dirig\u00e9e depuis 8 ans dans le domaine de la d\u00e9coration de vitrines de magasins.\",\"sameAs\":[\"http:\/\/www.etoilederose.fr\",\"https:\/\/www.facebook.com\/etoilederose.fr\/?ref=aymt_homepage_panel\",\"https:\/\/www.instagram.com\/etoile.de.rose\/\",\"https:\/\/twitter.com\/https:\/\/twitter.com\/wwwetoilederose?lang=fr\"]}]}<\/script>\n<!-- \/ Yoast SEO plugin. -->","yoast_head_json":{"title":"Mariage bleu-roi gris blanc | Etoile de rose","description":"D\u00e9coration de Mariage bleu-roi gris blanc , dans une belle salle des f\u00eates de l'Aube par \u00c9toile de rose ! devis en ligne","robots":{"index":"index","follow":"follow","max-snippet":"max-snippet:-1","max-image-preview":"max-image-preview:large","max-video-preview":"max-video-preview:-1"},"canonical":"https:\/\/www.etoilederose.fr\/index.php\/quelques-realisations\/mariage-bleu-roi-gris-blanc","twitter_misc":{"Dur\u00e9e de lecture estim\u00e9e":"2 minutes"},"schema":{"@context":"https:\/\/schema.org","@graph":[{"@type":"WebPage","@id":"https:\/\/www.etoilederose.fr\/index.php\/quelques-realisations\/mariage-bleu-roi-gris-blanc","url":"https:\/\/www.etoilederose.fr\/index.php\/quelques-realisations\/mariage-bleu-roi-gris-blanc","name":"Mariage bleu-roi gris blanc | Etoile de rose","isPartOf":{"@id":"https:\/\/www.etoilederose.fr\/#website"},"datePublished":"2022-02-10T14:42:43+00:00","dateModified":"2022-02-10T15:18:43+00:00","description":"D\u00e9coration de Mariage bleu-roi gris blanc , dans une belle salle des f\u00eates de l'Aube par \u00c9toile de rose ! devis en ligne","breadcrumb":{"@id":"https:\/\/www.etoilederose.fr\/index.php\/quelques-realisations\/mariage-bleu-roi-gris-blanc#breadcrumb"},"inLanguage":"fr-FR","potentialAction":[{"@type":"ReadAction","target":["https:\/\/www.etoilederose.fr\/index.php\/quelques-realisations\/mariage-bleu-roi-gris-blanc"]}]},{"@type":"BreadcrumbList","@id":"https:\/\/www.etoilederose.fr\/index.php\/quelques-realisations\/mariage-bleu-roi-gris-blanc#breadcrumb","itemListElement":[{"@type":"ListItem","position":1,"name":"Home","item":"https:\/\/www.etoilederose.fr\/"},{"@type":"ListItem","position":2,"name":"R\u00e9alisations","item":"https:\/\/www.etoilederose.fr\/index.php\/quelques-realisations"},{"@type":"ListItem","position":3,"name":"Mariage bleu-roi gris blanc"}]},{"@type":"WebSite","@id":"https:\/\/www.etoilederose.fr\/#website","url":"https:\/\/www.etoilederose.fr\/","name":"Etoile de rose","description":"Etoile de rose D\u00e9coration \u00e9v\u00e9nementielle","publisher":{"@id":"https:\/\/www.etoilederose.fr\/#\/schema\/person\/2d9d1db00dba3c640fa38b8b1abbdcaf"},"potentialAction":[{"@type":"SearchAction","target":{"@type":"EntryPoint","urlTemplate":"https:\/\/www.etoilederose.fr\/?s={search_term_string}"},"query-input":"required name=search_term_string"}],"inLanguage":"fr-FR"},{"@type":["Person","Organization"],"@id":"https:\/\/www.etoilederose.fr\/#\/schema\/person\/2d9d1db00dba3c640fa38b8b1abbdcaf","name":"admin","image":{"@type":"ImageObject","inLanguage":"fr-FR","@id":"https:\/\/www.etoilederose.fr\/#\/schema\/person\/image\/","url":"https:\/\/www.etoilederose.fr\/wp-content\/uploads\/2026\/01\/logo_noir.jpg","contentUrl":"https:\/\/www.etoilederose.fr\/wp-content\/uploads\/2026\/01\/logo_noir.jpg","width":1150,"height":1150,"caption":"admin"},"logo":{"@id":"https:\/\/www.etoilederose.fr\/#\/schema\/person\/image\/"},"description":"D\u00e9coratrice \u00e9v\u00e9nementiel depuis 15 ans, je me suis dirig\u00e9e depuis 8 ans dans le domaine de la d\u00e9coration de vitrines de magasins.","sameAs":["http:\/\/www.etoilederose.fr","https:\/\/www.facebook.com\/etoilederose.fr\/?ref=aymt_homepage_panel","https:\/\/www.instagram.com\/etoile.de.rose\/","https:\/\/twitter.com\/https:\/\/twitter.com\/wwwetoilederose?lang=fr"]}]}},"_links":{"self":[{"href":"https:\/\/www.etoilederose.fr\/index.php\/wp-json\/wp\/v2\/pages\/7780","targetHints":{"allow":["GET"]}}],"collection":[{"href":"https:\/\/www.etoilederose.fr\/index.php\/wp-json\/wp\/v2\/pages"}],"about":[{"href":"https:\/\/www.etoilederose.fr\/index.php\/wp-json\/wp\/v2\/types\/page"}],"author":[{"embeddable":true,"href":"https:\/\/www.etoilederose.fr\/index.php\/wp-json\/wp\/v2\/users\/1"}],"replies":[{"embeddable":true,"href":"https:\/\/www.etoilederose.fr\/index.php\/wp-json\/wp\/v2\/comments?post=7780"}],"version-history":[{"count":6,"href":"https:\/\/www.etoilederose.fr\/index.php\/wp-json\/wp\/v2\/pages\/7780\/revisions"}],"predecessor-version":[{"id":7804,"href":"https:\/\/www.etoilederose.fr\/index.php\/wp-json\/wp\/v2\/pages\/7780\/revisions\/7804"}],"up":[{"embeddable":true,"href":"https:\/\/www.etoilederose.fr\/index.php\/wp-json\/wp\/v2\/pages\/25"}],"wp:attachment":[{"href":"https:\/\/www.etoilederose.fr\/index.php\/wp-json\/wp\/v2\/media?parent=7780"}],"curies":[{"name":"wp","href":"https:\/\/api.w.org\/{rel}","templated":true}]}}