{"id":7670,"date":"2022-02-10T10:34:57","date_gmt":"2022-02-10T10:34:57","guid":{"rendered":"https:\/\/www.etoilederose.fr\/?page_id=7670"},"modified":"2022-02-12T09:41:44","modified_gmt":"2022-02-12T09:41:44","slug":"mariage-champetre-chic","status":"publish","type":"page","link":"https:\/\/www.etoilederose.fr\/index.php\/quelques-realisations\/mariage-champetre-chic","title":{"rendered":"Mariage champ\u00eatre chic"},"content":{"rendered":"\n<div class=\"wp-block-image is-style-default\"><figure class=\"aligncenter size-large is-resized\"><a href=\"https:\/\/www.etoilederose.fr\/wp-content\/uploads\/2022\/02\/po2.jpg\" rel=\"lightbox[7670]\"><img loading=\"lazy\" decoding=\"async\" src=\"https:\/\/www.etoilederose.fr\/wp-content\/uploads\/2022\/02\/po2-1024x683.jpg\" alt=\"mariage champ\u00eatre chic\" class=\"wp-image-7671\" width=\"546\" height=\"364\" srcset=\"https:\/\/www.etoilederose.fr\/wp-content\/uploads\/2022\/02\/po2-1024x683.jpg 1024w, https:\/\/www.etoilederose.fr\/wp-content\/uploads\/2022\/02\/po2-300x200.jpg 300w, https:\/\/www.etoilederose.fr\/wp-content\/uploads\/2022\/02\/po2-768x512.jpg 768w, https:\/\/www.etoilederose.fr\/wp-content\/uploads\/2022\/02\/po2.jpg 1500w\" sizes=\"auto, (max-width: 546px) 100vw, 546px\" \/><\/a><figcaption>mariage champ\u00eatre chic<\/figcaption><\/figure><\/div>\n\n\n\n<p>Ce mariage champ\u00eatre chic s&rsquo;est d\u00e9roul\u00e9 au <a href=\"https:\/\/www.abcsalles.com\/lieu\/domaine-la-belle-epoque\" target=\"_blank\" rel=\"noreferrer noopener\">Domaine de La Belle \u00c9poque<\/a> \u00e0 Laneuville Au Pont.<\/p>\n\n\n\n<p>Sur les tables nous retrouvons les <a href=\"https:\/\/www.etoilederose.fr\/wp-content\/uploads\/2022\/02\/nappes.jpg\" target=\"_blank\" rel=\"noreferrer noopener\" rel=\"lightbox[7670]\">nappes lou\u00e9es<\/a>.<\/p>\n\n\n\n<p>En centre de table nous trouvons une jolie <a href=\"https:\/\/www.etoilederose.fr\/wp-content\/uploads\/2022\/02\/Cagette.jpg\" target=\"_blank\" rel=\"noreferrer noopener\" rel=\"lightbox[7670]\">cagette fleurie<\/a> de fleurs naturelles. Les tons sont doux et pastels. La table arbore un chemin de table rappelant le th\u00e8me champ\u00eatre en jute et dentelle de petite largeur.  le pliage des serviettes fa\u00e7on \u00ab\u00a0Lys\u00a0\u00bb pour la table d&rsquo;honneur, simplement arrondi pour les tables d&rsquo;invit\u00e9s.<\/p>\n\n\n\n<p>Les mini chevalets en bois pr\u00e9sentent les menus imprim\u00e9s sur bristol.  des mini rondins de bois permettent de glisser les petites cartes imprim\u00e9es aux pr\u00e9noms des invit\u00e9s. La famille des mari\u00e9s a ajout\u00e9 les boites \u00e0 drag\u00e9es et s&rsquo;est investie pour cette partie de l&rsquo;installation.<\/p>\n\n\n\n<p>Etoile de rose a install\u00e9 toute la vaisselle sur table, et pli\u00e9 les serviettes.<\/p>\n\n\n\n<div class=\"wp-block-image is-style-default\"><figure class=\"aligncenter size-large is-resized\"><a href=\"https:\/\/www.etoilederose.fr\/wp-content\/uploads\/2022\/02\/po1JPG.jpg\" rel=\"lightbox[7670]\"><img loading=\"lazy\" decoding=\"async\" src=\"https:\/\/www.etoilederose.fr\/wp-content\/uploads\/2022\/02\/po1JPG-1024x683.jpg\" alt=\"mariage champ\u00eatre chic\" class=\"wp-image-7672\" width=\"539\" height=\"359\" srcset=\"https:\/\/www.etoilederose.fr\/wp-content\/uploads\/2022\/02\/po1JPG-1024x683.jpg 1024w, https:\/\/www.etoilederose.fr\/wp-content\/uploads\/2022\/02\/po1JPG-300x200.jpg 300w, https:\/\/www.etoilederose.fr\/wp-content\/uploads\/2022\/02\/po1JPG-768x512.jpg 768w, https:\/\/www.etoilederose.fr\/wp-content\/uploads\/2022\/02\/po1JPG.jpg 1200w\" sizes=\"auto, (max-width: 539px) 100vw, 539px\" \/><\/a><figcaption>mariage champ\u00eatre chic<\/figcaption><\/figure><\/div>\n\n\n\n<p>Le vin d&rsquo;honneur est mise en valeur en ajoutant du relief tout en restant dans le th\u00e8me.<\/p>\n\n\nngg_shortcode_0_placeholder\n\n\n\n<p>Le chevalet en location permet de mettre le plan de tables en valeur . De plus, l&rsquo;urne \u00e0 enveloppes et le livre d&rsquo;or sont des mod\u00e8les uniques en accord \u00e0 chaque th\u00e8me. Par cons\u00e9quent, les mari\u00e9s gardent souvent cela en souvenir.<\/p>\n\n\n\n<p>La d\u00e9coration d\u00e9j\u00e0 pr\u00e9sente sur les lieux apporte beaucoup \u00e0 ce th\u00e8me.<\/p>\n\n\n\n<p>Par ailleurs, Les lanternes positionn\u00e9es dans le parc apportent le romantisme n\u00e9cessaire le soir.<\/p>\n\n\nngg_shortcode_1_placeholder\n\n\n\n<div class=\"wp-block-image is-style-default\"><figure class=\"aligncenter size-large is-resized\"><a href=\"https:\/\/www.etoilederose.fr\/wp-content\/uploads\/2022\/02\/Urne-bucolique-rose-.jpg\" rel=\"lightbox[7670]\"><img loading=\"lazy\" decoding=\"async\" src=\"https:\/\/www.etoilederose.fr\/wp-content\/uploads\/2022\/02\/Urne-bucolique-rose--1024x1024.jpg\" alt=\"Urne bucolique rose\" class=\"wp-image-7698\" width=\"545\" height=\"545\" srcset=\"https:\/\/www.etoilederose.fr\/wp-content\/uploads\/2022\/02\/Urne-bucolique-rose--1024x1024.jpg 1024w, https:\/\/www.etoilederose.fr\/wp-content\/uploads\/2022\/02\/Urne-bucolique-rose--300x300.jpg 300w, https:\/\/www.etoilederose.fr\/wp-content\/uploads\/2022\/02\/Urne-bucolique-rose--150x150.jpg 150w, https:\/\/www.etoilederose.fr\/wp-content\/uploads\/2022\/02\/Urne-bucolique-rose--768x768.jpg 768w, https:\/\/www.etoilederose.fr\/wp-content\/uploads\/2022\/02\/Urne-bucolique-rose-.jpg 1512w\" sizes=\"auto, (max-width: 545px) 100vw, 545px\" \/><\/a><figcaption>Urne bucolique rose<\/figcaption><\/figure><\/div>\n\n\n\n<div class=\"wp-block-image is-style-default\"><figure class=\"aligncenter size-large is-resized\"><a href=\"https:\/\/www.etoilederose.fr\/wp-content\/uploads\/2022\/02\/Livre-dor-bucolique-rose-.jpg\" rel=\"lightbox[7670]\"><img loading=\"lazy\" decoding=\"async\" src=\"https:\/\/www.etoilederose.fr\/wp-content\/uploads\/2022\/02\/Livre-dor-bucolique-rose--1024x1024.jpg\" alt=\"Livre d'or bucolique rose\" class=\"wp-image-7699\" width=\"541\" height=\"541\" srcset=\"https:\/\/www.etoilederose.fr\/wp-content\/uploads\/2022\/02\/Livre-dor-bucolique-rose--1024x1024.jpg 1024w, https:\/\/www.etoilederose.fr\/wp-content\/uploads\/2022\/02\/Livre-dor-bucolique-rose--300x300.jpg 300w, https:\/\/www.etoilederose.fr\/wp-content\/uploads\/2022\/02\/Livre-dor-bucolique-rose--150x150.jpg 150w, https:\/\/www.etoilederose.fr\/wp-content\/uploads\/2022\/02\/Livre-dor-bucolique-rose--768x768.jpg 768w, https:\/\/www.etoilederose.fr\/wp-content\/uploads\/2022\/02\/Livre-dor-bucolique-rose-.jpg 1512w\" sizes=\"auto, (max-width: 541px) 100vw, 541px\" \/><\/a><figcaption>Livre d&rsquo;or bucolique rose<\/figcaption><\/figure><\/div>\n","protected":false},"excerpt":{"rendered":"<p>Ce mariage champ\u00eatre chic s&rsquo;est d\u00e9roul\u00e9 au Domaine de La Belle \u00c9poque \u00e0 Laneuville Au Pont. Sur les tables nous retrouvons les nappes lou\u00e9es. En centre de table nous trouvons une jolie cagette fleurie de fleurs naturelles. Les tons sont doux et pastels. La table arbore un chemin de table rappelant le th\u00e8me champ\u00eatre en [&hellip;]<\/p>\n","protected":false},"author":1,"featured_media":0,"parent":25,"menu_order":10,"comment_status":"closed","ping_status":"closed","template":"","meta":{"ngg_post_thumbnail":0,"footnotes":"","_links_to":"","_links_to_target":""},"class_list":["post-7670","page","type-page","status-publish","hentry"],"yoast_head":"<!-- This site is optimized with the Yoast SEO plugin v21.5 - https:\/\/yoast.com\/wordpress\/plugins\/seo\/ -->\n<title>Mariage champ\u00eatre chic | Etoile de rose<\/title>\n<meta name=\"description\" content=\"Un mariage champ\u00eatre chic d\u00e9cor\u00e9 au Domaine de la Belle \u00c9poque. Demandez aussi votre devis en ligne sans engagement.\" \/>\n<meta name=\"robots\" content=\"index, follow, max-snippet:-1, max-image-preview:large, max-video-preview:-1\" \/>\n<link rel=\"canonical\" href=\"https:\/\/www.etoilederose.fr\/index.php\/quelques-realisations\/mariage-champetre-chic\" \/>\n<meta name=\"twitter:label1\" content=\"Dur\u00e9e de lecture estim\u00e9e\" \/>\n\t<meta name=\"twitter:data1\" content=\"3 minutes\" \/>\n<script type=\"application\/ld+json\" class=\"yoast-schema-graph\">{\"@context\":\"https:\/\/schema.org\",\"@graph\":[{\"@type\":\"WebPage\",\"@id\":\"https:\/\/www.etoilederose.fr\/index.php\/quelques-realisations\/mariage-champetre-chic\",\"url\":\"https:\/\/www.etoilederose.fr\/index.php\/quelques-realisations\/mariage-champetre-chic\",\"name\":\"Mariage champ\u00eatre chic | Etoile de rose\",\"isPartOf\":{\"@id\":\"https:\/\/www.etoilederose.fr\/#website\"},\"datePublished\":\"2022-02-10T10:34:57+00:00\",\"dateModified\":\"2022-02-12T09:41:44+00:00\",\"description\":\"Un mariage champ\u00eatre chic d\u00e9cor\u00e9 au Domaine de la Belle \u00c9poque. Demandez aussi votre devis en ligne sans engagement.\",\"breadcrumb\":{\"@id\":\"https:\/\/www.etoilederose.fr\/index.php\/quelques-realisations\/mariage-champetre-chic#breadcrumb\"},\"inLanguage\":\"fr-FR\",\"potentialAction\":[{\"@type\":\"ReadAction\",\"target\":[\"https:\/\/www.etoilederose.fr\/index.php\/quelques-realisations\/mariage-champetre-chic\"]}]},{\"@type\":\"BreadcrumbList\",\"@id\":\"https:\/\/www.etoilederose.fr\/index.php\/quelques-realisations\/mariage-champetre-chic#breadcrumb\",\"itemListElement\":[{\"@type\":\"ListItem\",\"position\":1,\"name\":\"Home\",\"item\":\"https:\/\/www.etoilederose.fr\/\"},{\"@type\":\"ListItem\",\"position\":2,\"name\":\"R\u00e9alisations\",\"item\":\"https:\/\/www.etoilederose.fr\/index.php\/quelques-realisations\"},{\"@type\":\"ListItem\",\"position\":3,\"name\":\"Mariage champ\u00eatre chic\"}]},{\"@type\":\"WebSite\",\"@id\":\"https:\/\/www.etoilederose.fr\/#website\",\"url\":\"https:\/\/www.etoilederose.fr\/\",\"name\":\"Etoile de rose\",\"description\":\"Etoile de rose D\u00e9coration \u00e9v\u00e9nementielle\",\"publisher\":{\"@id\":\"https:\/\/www.etoilederose.fr\/#\/schema\/person\/2d9d1db00dba3c640fa38b8b1abbdcaf\"},\"potentialAction\":[{\"@type\":\"SearchAction\",\"target\":{\"@type\":\"EntryPoint\",\"urlTemplate\":\"https:\/\/www.etoilederose.fr\/?s={search_term_string}\"},\"query-input\":\"required name=search_term_string\"}],\"inLanguage\":\"fr-FR\"},{\"@type\":[\"Person\",\"Organization\"],\"@id\":\"https:\/\/www.etoilederose.fr\/#\/schema\/person\/2d9d1db00dba3c640fa38b8b1abbdcaf\",\"name\":\"admin\",\"image\":{\"@type\":\"ImageObject\",\"inLanguage\":\"fr-FR\",\"@id\":\"https:\/\/www.etoilederose.fr\/#\/schema\/person\/image\/\",\"url\":\"https:\/\/www.etoilederose.fr\/wp-content\/uploads\/2026\/01\/logo_noir.jpg\",\"contentUrl\":\"https:\/\/www.etoilederose.fr\/wp-content\/uploads\/2026\/01\/logo_noir.jpg\",\"width\":1150,\"height\":1150,\"caption\":\"admin\"},\"logo\":{\"@id\":\"https:\/\/www.etoilederose.fr\/#\/schema\/person\/image\/\"},\"description\":\"D\u00e9coratrice \u00e9v\u00e9nementiel depuis 15 ans, je me suis dirig\u00e9e depuis 8 ans dans le domaine de la d\u00e9coration de vitrines de magasins.\",\"sameAs\":[\"http:\/\/www.etoilederose.fr\",\"https:\/\/www.facebook.com\/etoilederose.fr\/?ref=aymt_homepage_panel\",\"https:\/\/www.instagram.com\/etoile.de.rose\/\",\"https:\/\/twitter.com\/https:\/\/twitter.com\/wwwetoilederose?lang=fr\"]}]}<\/script>\n<!-- \/ Yoast SEO plugin. -->","yoast_head_json":{"title":"Mariage champ\u00eatre chic | Etoile de rose","description":"Un mariage champ\u00eatre chic d\u00e9cor\u00e9 au Domaine de la Belle \u00c9poque. Demandez aussi votre devis en ligne sans engagement.","robots":{"index":"index","follow":"follow","max-snippet":"max-snippet:-1","max-image-preview":"max-image-preview:large","max-video-preview":"max-video-preview:-1"},"canonical":"https:\/\/www.etoilederose.fr\/index.php\/quelques-realisations\/mariage-champetre-chic","twitter_misc":{"Dur\u00e9e de lecture estim\u00e9e":"3 minutes"},"schema":{"@context":"https:\/\/schema.org","@graph":[{"@type":"WebPage","@id":"https:\/\/www.etoilederose.fr\/index.php\/quelques-realisations\/mariage-champetre-chic","url":"https:\/\/www.etoilederose.fr\/index.php\/quelques-realisations\/mariage-champetre-chic","name":"Mariage champ\u00eatre chic | Etoile de rose","isPartOf":{"@id":"https:\/\/www.etoilederose.fr\/#website"},"datePublished":"2022-02-10T10:34:57+00:00","dateModified":"2022-02-12T09:41:44+00:00","description":"Un mariage champ\u00eatre chic d\u00e9cor\u00e9 au Domaine de la Belle \u00c9poque. Demandez aussi votre devis en ligne sans engagement.","breadcrumb":{"@id":"https:\/\/www.etoilederose.fr\/index.php\/quelques-realisations\/mariage-champetre-chic#breadcrumb"},"inLanguage":"fr-FR","potentialAction":[{"@type":"ReadAction","target":["https:\/\/www.etoilederose.fr\/index.php\/quelques-realisations\/mariage-champetre-chic"]}]},{"@type":"BreadcrumbList","@id":"https:\/\/www.etoilederose.fr\/index.php\/quelques-realisations\/mariage-champetre-chic#breadcrumb","itemListElement":[{"@type":"ListItem","position":1,"name":"Home","item":"https:\/\/www.etoilederose.fr\/"},{"@type":"ListItem","position":2,"name":"R\u00e9alisations","item":"https:\/\/www.etoilederose.fr\/index.php\/quelques-realisations"},{"@type":"ListItem","position":3,"name":"Mariage champ\u00eatre chic"}]},{"@type":"WebSite","@id":"https:\/\/www.etoilederose.fr\/#website","url":"https:\/\/www.etoilederose.fr\/","name":"Etoile de rose","description":"Etoile de rose D\u00e9coration \u00e9v\u00e9nementielle","publisher":{"@id":"https:\/\/www.etoilederose.fr\/#\/schema\/person\/2d9d1db00dba3c640fa38b8b1abbdcaf"},"potentialAction":[{"@type":"SearchAction","target":{"@type":"EntryPoint","urlTemplate":"https:\/\/www.etoilederose.fr\/?s={search_term_string}"},"query-input":"required name=search_term_string"}],"inLanguage":"fr-FR"},{"@type":["Person","Organization"],"@id":"https:\/\/www.etoilederose.fr\/#\/schema\/person\/2d9d1db00dba3c640fa38b8b1abbdcaf","name":"admin","image":{"@type":"ImageObject","inLanguage":"fr-FR","@id":"https:\/\/www.etoilederose.fr\/#\/schema\/person\/image\/","url":"https:\/\/www.etoilederose.fr\/wp-content\/uploads\/2026\/01\/logo_noir.jpg","contentUrl":"https:\/\/www.etoilederose.fr\/wp-content\/uploads\/2026\/01\/logo_noir.jpg","width":1150,"height":1150,"caption":"admin"},"logo":{"@id":"https:\/\/www.etoilederose.fr\/#\/schema\/person\/image\/"},"description":"D\u00e9coratrice \u00e9v\u00e9nementiel depuis 15 ans, je me suis dirig\u00e9e depuis 8 ans dans le domaine de la d\u00e9coration de vitrines de magasins.","sameAs":["http:\/\/www.etoilederose.fr","https:\/\/www.facebook.com\/etoilederose.fr\/?ref=aymt_homepage_panel","https:\/\/www.instagram.com\/etoile.de.rose\/","https:\/\/twitter.com\/https:\/\/twitter.com\/wwwetoilederose?lang=fr"]}]}},"_links":{"self":[{"href":"https:\/\/www.etoilederose.fr\/index.php\/wp-json\/wp\/v2\/pages\/7670","targetHints":{"allow":["GET"]}}],"collection":[{"href":"https:\/\/www.etoilederose.fr\/index.php\/wp-json\/wp\/v2\/pages"}],"about":[{"href":"https:\/\/www.etoilederose.fr\/index.php\/wp-json\/wp\/v2\/types\/page"}],"author":[{"embeddable":true,"href":"https:\/\/www.etoilederose.fr\/index.php\/wp-json\/wp\/v2\/users\/1"}],"replies":[{"embeddable":true,"href":"https:\/\/www.etoilederose.fr\/index.php\/wp-json\/wp\/v2\/comments?post=7670"}],"version-history":[{"count":9,"href":"https:\/\/www.etoilederose.fr\/index.php\/wp-json\/wp\/v2\/pages\/7670\/revisions"}],"predecessor-version":[{"id":8094,"href":"https:\/\/www.etoilederose.fr\/index.php\/wp-json\/wp\/v2\/pages\/7670\/revisions\/8094"}],"up":[{"embeddable":true,"href":"https:\/\/www.etoilederose.fr\/index.php\/wp-json\/wp\/v2\/pages\/25"}],"wp:attachment":[{"href":"https:\/\/www.etoilederose.fr\/index.php\/wp-json\/wp\/v2\/media?parent=7670"}],"curies":[{"name":"wp","href":"https:\/\/api.w.org\/{rel}","templated":true}]}}