{"id":6919,"date":"2020-01-28T16:46:41","date_gmt":"2020-01-28T16:46:41","guid":{"rendered":"http:\/\/www.etoilederose.fr\/?page_id=6919"},"modified":"2022-02-10T14:35:31","modified_gmt":"2022-02-10T14:35:31","slug":"mariage-noir-blanc-argente","status":"publish","type":"page","link":"https:\/\/www.etoilederose.fr\/index.php\/quelques-realisations\/mariage-noir-blanc-argente","title":{"rendered":"Mariage noir blanc argent\u00e9"},"content":{"rendered":"\n<figure class=\"wp-block-image\"><img loading=\"lazy\" decoding=\"async\" width=\"800\" height=\"600\" src=\"https:\/\/www.etoilederose.fr\/wp-content\/uploads\/2020\/01\/I-1.jpg\" alt=\"Mariage Noir blanc argent\u00e9\" class=\"wp-image-6920\" srcset=\"https:\/\/www.etoilederose.fr\/wp-content\/uploads\/2020\/01\/I-1.jpg 800w, https:\/\/www.etoilederose.fr\/wp-content\/uploads\/2020\/01\/I-1-300x225.jpg 300w, https:\/\/www.etoilederose.fr\/wp-content\/uploads\/2020\/01\/I-1-768x576.jpg 768w\" sizes=\"auto, (max-width: 800px) 100vw, 800px\" \/><\/figure>\n\n\n\n<p>Vue d&rsquo;ensemble de la salle<br><\/p>\n\n\n\n<p>Tout d&rsquo;abord, cette d\u00e9coration de mariage en noir&nbsp;blanc et argent\u00e9 a lieu dans la salle des f\u00eates de <a href=\"http:\/\/www.saintmesmin-10.fr\/\">St Mesmin.<\/a><\/p>\n\n\n\n<p>D&rsquo;une part le buffet, mais aussi l&rsquo;\u00e9glise, en plus de la salle,&nbsp; et les tables ont \u00e9t\u00e9 d\u00e9cor\u00e9 dans cette ligne coloristique. Pour finir, l&rsquo;orchid\u00e9e est la fleur choisie pour toute la d\u00e9coration.<\/p>\n\n\n\n<p>Cliquez sur les photos pour agrandir<\/p>\n\n\nngg_shortcode_0_placeholder\n\n\n\n<h3 class=\"wp-block-heading\" id=\"la-table\">La table<\/h3>\n\n\n\n<p>la d\u00e9coration est personnalis\u00e9e, <strong>autant que possible \u00e0 la main, <\/strong>durant un an. Pour r\u00e9sumer,&nbsp; elle comprend:<\/p>\n\n\n\n<p>-La r\u00e9alisation&nbsp;des housses de chaises ,cousues&nbsp;par mes soins.<\/p>\n\n\n\n<p>&#8211;&nbsp;La recherche de galets de formes similaires dans la r\u00e9gion de Cassis, pour servir de \u00ab\u00a0porte-noms\u00a0\u00bb, peints puis customis\u00e9s.<\/p>\n\n\n\n<p>-Les menus \u00e9crits \u00e0 la main \u00e0 l&rsquo;encre gel blanche sur les \u00e9ventails supports en tissus.<\/p>\n\n\n\n<p>En effet, \u00e0 l&rsquo;\u00e9poque il n&rsquo;existait pas de housse en lycra. C&rsquo;\u00e9tait alors ma 1ere d\u00e9coration de mariage avant de nombreuses autres. Maintenant, je fournis les housses extensibles <a href=\"https:\/\/www.etoilederose.fr\/index.php\/tarifs-locations\">en location ici.<\/a><\/p>\n\n\n\n<p>Je pr\u00e9cise qu&rsquo;il est tout \u00e0 fait possible de faire appel \u00e0 mes services pour une d\u00e9coration compl\u00e8te, mais \u00e9galement pour une simple location de mat\u00e9riel.<\/p>\n\n\n\n<h3 class=\"wp-block-heading\" id=\"decoration-de-tables\">D\u00e9coration de tables<\/h3>\n\n\nngg_shortcode_1_placeholder\n\n\n\n<h3 class=\"wp-block-heading\" id=\"au-plafond\">Au plafond<\/h3>\n\n\n\n<p>-En outre, pour ce mariage en noir&nbsp;blanc et argent\u00e9, le plafond est habill\u00e9 avec l\u00e9g\u00e8ret\u00e9. En effet, j&rsquo;ai sugg\u00e9r\u00e9 d&rsquo;utiliser des drap\u00e9s transparents. Notamment, en disposant quelques p\u00e9tales de roses en tissu sur le drap\u00e9, le plafond est d\u00e9cor\u00e9 avec originalit\u00e9. Mariage noir blanc argent\u00e9<\/p>\n\n\n\n<h3 class=\"wp-block-heading\" id=\"decoration-du-buffet\">D\u00e9coration du buffet<\/h3>\n\n\n\n<p>&#8211; Par ailleurs, la d\u00e9co du&nbsp;buffet est enti\u00e8rement con\u00e7ue pour cr\u00e9er une exclusivit\u00e9 et du volume pour les mets:<\/p>\n\n\n\n<p>-Les salades compos\u00e9es dans des chapeaux \u00ab\u00a0haut de forme\u00a0\u00bb par exemple. J&rsquo;ai cr\u00e9\u00e9 un arbre \u00e0 fruits unique pour satisfaire la mari\u00e9e qui souhaitait cela.<\/p>\n\n\n\n<p>-Des ombrelles en dentelles pr\u00e9sentent la charcuterie en leur c\u0153ur.<\/p>\n\n\n\n<h3 class=\"wp-block-heading\" id=\"details-du-buffet\">D\u00e9tails du buffet<br><\/h3>\n\n\n\n<p>Mariage noir blanc argent\u00e9<\/p>\n\n\nngg_shortcode_2_placeholder\n\n\n\n<h3 class=\"wp-block-heading\" id=\"vue-exterieure\">Vue ext\u00e9rieure<\/h3>\n\n\n\n<p>Mariage noir blanc argent\u00e9<\/p>\n\n\nngg_shortcode_3_placeholder\n","protected":false},"excerpt":{"rendered":"<p>Vue d&rsquo;ensemble de la salle Tout d&rsquo;abord, cette d\u00e9coration de mariage en noir&nbsp;blanc et argent\u00e9 a lieu dans la salle des f\u00eates de St Mesmin. D&rsquo;une part le buffet, mais aussi l&rsquo;\u00e9glise, en plus de la salle,&nbsp; et les tables ont \u00e9t\u00e9 d\u00e9cor\u00e9 dans cette ligne coloristique. Pour finir, l&rsquo;orchid\u00e9e est la fleur choisie pour [&hellip;]<\/p>\n","protected":false},"author":1,"featured_media":0,"parent":25,"menu_order":115,"comment_status":"closed","ping_status":"closed","template":"","meta":{"ngg_post_thumbnail":0,"footnotes":"","_links_to":"","_links_to_target":""},"class_list":["post-6919","page","type-page","status-publish","hentry"],"yoast_head":"<!-- This site is optimized with the Yoast SEO plugin v21.5 - https:\/\/yoast.com\/wordpress\/plugins\/seo\/ -->\n<title>Mariage noir blanc argent\u00e9 | Etoile de rose<\/title>\n<meta name=\"robots\" content=\"index, follow, max-snippet:-1, max-image-preview:large, max-video-preview:-1\" \/>\n<link rel=\"canonical\" href=\"https:\/\/www.etoilederose.fr\/index.php\/quelques-realisations\/mariage-noir-blanc-argente\" \/>\n<meta name=\"twitter:label1\" content=\"Dur\u00e9e de lecture estim\u00e9e\" \/>\n\t<meta name=\"twitter:data1\" content=\"2 minutes\" \/>\n<script type=\"application\/ld+json\" class=\"yoast-schema-graph\">{\"@context\":\"https:\/\/schema.org\",\"@graph\":[{\"@type\":\"WebPage\",\"@id\":\"https:\/\/www.etoilederose.fr\/index.php\/quelques-realisations\/mariage-noir-blanc-argente\",\"url\":\"https:\/\/www.etoilederose.fr\/index.php\/quelques-realisations\/mariage-noir-blanc-argente\",\"name\":\"Mariage noir blanc argent\u00e9 | Etoile de rose\",\"isPartOf\":{\"@id\":\"https:\/\/www.etoilederose.fr\/#website\"},\"datePublished\":\"2020-01-28T16:46:41+00:00\",\"dateModified\":\"2022-02-10T14:35:31+00:00\",\"breadcrumb\":{\"@id\":\"https:\/\/www.etoilederose.fr\/index.php\/quelques-realisations\/mariage-noir-blanc-argente#breadcrumb\"},\"inLanguage\":\"fr-FR\",\"potentialAction\":[{\"@type\":\"ReadAction\",\"target\":[\"https:\/\/www.etoilederose.fr\/index.php\/quelques-realisations\/mariage-noir-blanc-argente\"]}]},{\"@type\":\"BreadcrumbList\",\"@id\":\"https:\/\/www.etoilederose.fr\/index.php\/quelques-realisations\/mariage-noir-blanc-argente#breadcrumb\",\"itemListElement\":[{\"@type\":\"ListItem\",\"position\":1,\"name\":\"Home\",\"item\":\"https:\/\/www.etoilederose.fr\/\"},{\"@type\":\"ListItem\",\"position\":2,\"name\":\"R\u00e9alisations\",\"item\":\"https:\/\/www.etoilederose.fr\/index.php\/quelques-realisations\"},{\"@type\":\"ListItem\",\"position\":3,\"name\":\"Mariage noir blanc argent\u00e9\"}]},{\"@type\":\"WebSite\",\"@id\":\"https:\/\/www.etoilederose.fr\/#website\",\"url\":\"https:\/\/www.etoilederose.fr\/\",\"name\":\"Etoile de rose\",\"description\":\"Etoile de rose D\u00e9coration \u00e9v\u00e9nementielle\",\"publisher\":{\"@id\":\"https:\/\/www.etoilederose.fr\/#\/schema\/person\/2d9d1db00dba3c640fa38b8b1abbdcaf\"},\"potentialAction\":[{\"@type\":\"SearchAction\",\"target\":{\"@type\":\"EntryPoint\",\"urlTemplate\":\"https:\/\/www.etoilederose.fr\/?s={search_term_string}\"},\"query-input\":\"required name=search_term_string\"}],\"inLanguage\":\"fr-FR\"},{\"@type\":[\"Person\",\"Organization\"],\"@id\":\"https:\/\/www.etoilederose.fr\/#\/schema\/person\/2d9d1db00dba3c640fa38b8b1abbdcaf\",\"name\":\"admin\",\"image\":{\"@type\":\"ImageObject\",\"inLanguage\":\"fr-FR\",\"@id\":\"https:\/\/www.etoilederose.fr\/#\/schema\/person\/image\/\",\"url\":\"https:\/\/www.etoilederose.fr\/wp-content\/uploads\/2026\/01\/logo_noir.jpg\",\"contentUrl\":\"https:\/\/www.etoilederose.fr\/wp-content\/uploads\/2026\/01\/logo_noir.jpg\",\"width\":1150,\"height\":1150,\"caption\":\"admin\"},\"logo\":{\"@id\":\"https:\/\/www.etoilederose.fr\/#\/schema\/person\/image\/\"},\"description\":\"D\u00e9coratrice \u00e9v\u00e9nementiel depuis 15 ans, je me suis dirig\u00e9e depuis 8 ans dans le domaine de la d\u00e9coration de vitrines de magasins.\",\"sameAs\":[\"http:\/\/www.etoilederose.fr\",\"https:\/\/www.facebook.com\/etoilederose.fr\/?ref=aymt_homepage_panel\",\"https:\/\/www.instagram.com\/etoile.de.rose\/\",\"https:\/\/twitter.com\/https:\/\/twitter.com\/wwwetoilederose?lang=fr\"]}]}<\/script>\n<!-- \/ Yoast SEO plugin. -->","yoast_head_json":{"title":"Mariage noir blanc argent\u00e9 | Etoile de rose","robots":{"index":"index","follow":"follow","max-snippet":"max-snippet:-1","max-image-preview":"max-image-preview:large","max-video-preview":"max-video-preview:-1"},"canonical":"https:\/\/www.etoilederose.fr\/index.php\/quelques-realisations\/mariage-noir-blanc-argente","twitter_misc":{"Dur\u00e9e de lecture estim\u00e9e":"2 minutes"},"schema":{"@context":"https:\/\/schema.org","@graph":[{"@type":"WebPage","@id":"https:\/\/www.etoilederose.fr\/index.php\/quelques-realisations\/mariage-noir-blanc-argente","url":"https:\/\/www.etoilederose.fr\/index.php\/quelques-realisations\/mariage-noir-blanc-argente","name":"Mariage noir blanc argent\u00e9 | Etoile de rose","isPartOf":{"@id":"https:\/\/www.etoilederose.fr\/#website"},"datePublished":"2020-01-28T16:46:41+00:00","dateModified":"2022-02-10T14:35:31+00:00","breadcrumb":{"@id":"https:\/\/www.etoilederose.fr\/index.php\/quelques-realisations\/mariage-noir-blanc-argente#breadcrumb"},"inLanguage":"fr-FR","potentialAction":[{"@type":"ReadAction","target":["https:\/\/www.etoilederose.fr\/index.php\/quelques-realisations\/mariage-noir-blanc-argente"]}]},{"@type":"BreadcrumbList","@id":"https:\/\/www.etoilederose.fr\/index.php\/quelques-realisations\/mariage-noir-blanc-argente#breadcrumb","itemListElement":[{"@type":"ListItem","position":1,"name":"Home","item":"https:\/\/www.etoilederose.fr\/"},{"@type":"ListItem","position":2,"name":"R\u00e9alisations","item":"https:\/\/www.etoilederose.fr\/index.php\/quelques-realisations"},{"@type":"ListItem","position":3,"name":"Mariage noir blanc argent\u00e9"}]},{"@type":"WebSite","@id":"https:\/\/www.etoilederose.fr\/#website","url":"https:\/\/www.etoilederose.fr\/","name":"Etoile de rose","description":"Etoile de rose D\u00e9coration \u00e9v\u00e9nementielle","publisher":{"@id":"https:\/\/www.etoilederose.fr\/#\/schema\/person\/2d9d1db00dba3c640fa38b8b1abbdcaf"},"potentialAction":[{"@type":"SearchAction","target":{"@type":"EntryPoint","urlTemplate":"https:\/\/www.etoilederose.fr\/?s={search_term_string}"},"query-input":"required name=search_term_string"}],"inLanguage":"fr-FR"},{"@type":["Person","Organization"],"@id":"https:\/\/www.etoilederose.fr\/#\/schema\/person\/2d9d1db00dba3c640fa38b8b1abbdcaf","name":"admin","image":{"@type":"ImageObject","inLanguage":"fr-FR","@id":"https:\/\/www.etoilederose.fr\/#\/schema\/person\/image\/","url":"https:\/\/www.etoilederose.fr\/wp-content\/uploads\/2026\/01\/logo_noir.jpg","contentUrl":"https:\/\/www.etoilederose.fr\/wp-content\/uploads\/2026\/01\/logo_noir.jpg","width":1150,"height":1150,"caption":"admin"},"logo":{"@id":"https:\/\/www.etoilederose.fr\/#\/schema\/person\/image\/"},"description":"D\u00e9coratrice \u00e9v\u00e9nementiel depuis 15 ans, je me suis dirig\u00e9e depuis 8 ans dans le domaine de la d\u00e9coration de vitrines de magasins.","sameAs":["http:\/\/www.etoilederose.fr","https:\/\/www.facebook.com\/etoilederose.fr\/?ref=aymt_homepage_panel","https:\/\/www.instagram.com\/etoile.de.rose\/","https:\/\/twitter.com\/https:\/\/twitter.com\/wwwetoilederose?lang=fr"]}]}},"_links":{"self":[{"href":"https:\/\/www.etoilederose.fr\/index.php\/wp-json\/wp\/v2\/pages\/6919","targetHints":{"allow":["GET"]}}],"collection":[{"href":"https:\/\/www.etoilederose.fr\/index.php\/wp-json\/wp\/v2\/pages"}],"about":[{"href":"https:\/\/www.etoilederose.fr\/index.php\/wp-json\/wp\/v2\/types\/page"}],"author":[{"embeddable":true,"href":"https:\/\/www.etoilederose.fr\/index.php\/wp-json\/wp\/v2\/users\/1"}],"replies":[{"embeddable":true,"href":"https:\/\/www.etoilederose.fr\/index.php\/wp-json\/wp\/v2\/comments?post=6919"}],"version-history":[{"count":6,"href":"https:\/\/www.etoilederose.fr\/index.php\/wp-json\/wp\/v2\/pages\/6919\/revisions"}],"predecessor-version":[{"id":7779,"href":"https:\/\/www.etoilederose.fr\/index.php\/wp-json\/wp\/v2\/pages\/6919\/revisions\/7779"}],"up":[{"embeddable":true,"href":"https:\/\/www.etoilederose.fr\/index.php\/wp-json\/wp\/v2\/pages\/25"}],"wp:attachment":[{"href":"https:\/\/www.etoilederose.fr\/index.php\/wp-json\/wp\/v2\/media?parent=6919"}],"curies":[{"name":"wp","href":"https:\/\/api.w.org\/{rel}","templated":true}]}}