{"id":43,"date":"2011-10-31T12:59:30","date_gmt":"2011-10-31T12:59:30","guid":{"rendered":"http:\/\/johann.servepics.com\/wordpress\/?page_id=43"},"modified":"2023-11-24T19:45:02","modified_gmt":"2023-11-24T19:45:02","slug":"decoration-evenementielle-mariage","status":"publish","type":"page","link":"https:\/\/www.etoilederose.fr\/","title":{"rendered":"D\u00e9coration \u00e9v\u00e9nementielle &#038; mariage"},"content":{"rendered":"\n<h4 class=\"wp-block-heading\">Sp\u00e9cialiste en d\u00e9coration d&rsquo;\u00e9v\u00e9nementielle, j&rsquo;ai d\u00e9cor\u00e9 toute sortes d&rsquo;\u00e9v\u00e9nements pendant 14 ans. D\u00e9sormais je n&rsquo;installe plus de d\u00e9coration et n&rsquo;en cr\u00e9\u00e9e plus non plus, cependant certains articles sont toujours disponibles \u00e0 la<a href=\"https:\/\/www.etoilederose.fr\/index.php\/tarifs-locations\"> locatio<\/a><a href=\"https:\/\/www.etoilederose.fr\/index.php\/tarifs-locations\" target=\"_blank\" rel=\"noreferrer noopener\">n<\/a><\/h4>\n\n\n\n<h4 class=\"wp-block-heading\">D\u00e9sormais je concentre mon activit\u00e9 \u00e0 la d\u00e9coration des vitrines de beaucoup de commer\u00e7ants.<\/h4>\n\n\n\n<h4 class=\"wp-block-heading\">Si vous souhaitez la d\u00e9coration de votre boutique, vitrine, ponctuellement ou r\u00e9guli\u00e8rement, contactez-moi je viendrai sur les lieux afin de d\u00e9finir un devis selon votre demande.<\/h4>\n\n\n\n<h4 class=\"wp-block-heading\">En attendant, je vous invite \u00e0 d\u00e9couvrir quelques vitrines sur <a href=\"https:\/\/www.etoilederose.fr\/index.php\/professionnels\/decoration-de-vitrines\" target=\"_blank\" rel=\"noreferrer noopener\">la pag<\/a><a href=\"https:\/\/www.etoilederose.fr\/index.php\/professionnels\/decoration-de-vitrines\">e<\/a> d\u00e9di\u00e9e \u00e0 cela.<\/h4>\n\n\n\n<h4 class=\"wp-block-heading\">A bient\u00f4t !<\/h4>\n\n\n\n<p><iframe loading=\"lazy\" src=\"https:\/\/www.youtube.com\/embed\/Pt3F9bT-eHY\" width=\"560\" height=\"315\" frameborder=\"0\" allowfullscreen=\"allowfullscreen\"><\/iframe><\/p>\n\n\n\n<p><\/p>\n\n\n\n<p class=\"has-text-align-left\"><strong>&nbsp;<\/strong><\/p>\n","protected":false},"excerpt":{"rendered":"<p>Sp\u00e9cialiste en d\u00e9coration d&rsquo;\u00e9v\u00e9nementielle, j&rsquo;ai d\u00e9cor\u00e9 toute sortes d&rsquo;\u00e9v\u00e9nements pendant 14 ans. D\u00e9sormais je n&rsquo;installe plus de d\u00e9coration et n&rsquo;en cr\u00e9\u00e9e plus non plus, cependant certains articles sont toujours disponibles \u00e0 la location D\u00e9sormais je concentre mon activit\u00e9 \u00e0 la d\u00e9coration des vitrines de beaucoup de commer\u00e7ants. Si vous souhaitez la d\u00e9coration de votre boutique, [&hellip;]<\/p>\n","protected":false},"author":1,"featured_media":0,"parent":0,"menu_order":1,"comment_status":"closed","ping_status":"closed","template":"","meta":{"ngg_post_thumbnail":0,"footnotes":"","_links_to":"","_links_to_target":""},"class_list":["post-43","page","type-page","status-publish","hentry"],"yoast_head":"<!-- This site is optimized with the Yoast SEO plugin v21.5 - https:\/\/yoast.com\/wordpress\/plugins\/seo\/ -->\n<title>D\u00e9coration \u00e9v\u00e9nementielle mariage | Etoile de rose | Grand-est | Ile de France | Acceuil |<\/title>\n<meta name=\"description\" content=\"Etoile de rose d\u00e9coratrice \u00e9v\u00e9nementielle en r\u00e9gion Grand-Est et Ile de France, vous guide pour la d\u00e9coration de votre \u00e9v\u00e9nement ! devis gratuit en ligne !\" \/>\n<meta name=\"robots\" content=\"index, follow, max-snippet:-1, max-image-preview:large, max-video-preview:-1\" \/>\n<link rel=\"canonical\" href=\"https:\/\/www.etoilederose.fr\/\" \/>\n<meta name=\"twitter:label1\" content=\"Dur\u00e9e de lecture estim\u00e9e\" \/>\n\t<meta name=\"twitter:data1\" content=\"1 minute\" \/>\n<script type=\"application\/ld+json\" class=\"yoast-schema-graph\">{\"@context\":\"https:\/\/schema.org\",\"@graph\":[{\"@type\":\"WebPage\",\"@id\":\"https:\/\/www.etoilederose.fr\/\",\"url\":\"https:\/\/www.etoilederose.fr\/\",\"name\":\"D\u00e9coration \u00e9v\u00e9nementielle mariage | Etoile de rose | Grand-est | Ile de France | Acceuil |\",\"isPartOf\":{\"@id\":\"https:\/\/www.etoilederose.fr\/#website\"},\"datePublished\":\"2011-10-31T12:59:30+00:00\",\"dateModified\":\"2023-11-24T19:45:02+00:00\",\"description\":\"Etoile de rose d\u00e9coratrice \u00e9v\u00e9nementielle en r\u00e9gion Grand-Est et Ile de France, vous guide pour la d\u00e9coration de votre \u00e9v\u00e9nement ! devis gratuit en ligne !\",\"breadcrumb\":{\"@id\":\"https:\/\/www.etoilederose.fr\/#breadcrumb\"},\"inLanguage\":\"fr-FR\",\"potentialAction\":[{\"@type\":\"ReadAction\",\"target\":[\"https:\/\/www.etoilederose.fr\/\"]}]},{\"@type\":\"BreadcrumbList\",\"@id\":\"https:\/\/www.etoilederose.fr\/#breadcrumb\",\"itemListElement\":[{\"@type\":\"ListItem\",\"position\":1,\"name\":\"Home\",\"item\":\"https:\/\/www.etoilederose.fr\/\"},{\"@type\":\"ListItem\",\"position\":2,\"name\":\"D\u00e9coration \u00e9v\u00e9nementielle &#038; mariage\"}]},{\"@type\":\"WebSite\",\"@id\":\"https:\/\/www.etoilederose.fr\/#website\",\"url\":\"https:\/\/www.etoilederose.fr\/\",\"name\":\"Etoile de rose\",\"description\":\"Etoile de rose D\u00e9coration \u00e9v\u00e9nementielle\",\"publisher\":{\"@id\":\"https:\/\/www.etoilederose.fr\/#\/schema\/person\/2d9d1db00dba3c640fa38b8b1abbdcaf\"},\"potentialAction\":[{\"@type\":\"SearchAction\",\"target\":{\"@type\":\"EntryPoint\",\"urlTemplate\":\"https:\/\/www.etoilederose.fr\/?s={search_term_string}\"},\"query-input\":\"required name=search_term_string\"}],\"inLanguage\":\"fr-FR\"},{\"@type\":[\"Person\",\"Organization\"],\"@id\":\"https:\/\/www.etoilederose.fr\/#\/schema\/person\/2d9d1db00dba3c640fa38b8b1abbdcaf\",\"name\":\"admin\",\"image\":{\"@type\":\"ImageObject\",\"inLanguage\":\"fr-FR\",\"@id\":\"https:\/\/www.etoilederose.fr\/#\/schema\/person\/image\/\",\"url\":\"https:\/\/www.etoilederose.fr\/wp-content\/uploads\/2026\/01\/logo_noir.jpg\",\"contentUrl\":\"https:\/\/www.etoilederose.fr\/wp-content\/uploads\/2026\/01\/logo_noir.jpg\",\"width\":1150,\"height\":1150,\"caption\":\"admin\"},\"logo\":{\"@id\":\"https:\/\/www.etoilederose.fr\/#\/schema\/person\/image\/\"},\"description\":\"D\u00e9coratrice \u00e9v\u00e9nementiel depuis 15 ans, je me suis dirig\u00e9e depuis 8 ans dans le domaine de la d\u00e9coration de vitrines de magasins.\",\"sameAs\":[\"http:\/\/www.etoilederose.fr\",\"https:\/\/www.facebook.com\/etoilederose.fr\/?ref=aymt_homepage_panel\",\"https:\/\/www.instagram.com\/etoile.de.rose\/\",\"https:\/\/twitter.com\/https:\/\/twitter.com\/wwwetoilederose?lang=fr\"]}]}<\/script>\n<!-- \/ Yoast SEO plugin. -->","yoast_head_json":{"title":"D\u00e9coration \u00e9v\u00e9nementielle mariage | Etoile de rose | Grand-est | Ile de France | Acceuil |","description":"Etoile de rose d\u00e9coratrice \u00e9v\u00e9nementielle en r\u00e9gion Grand-Est et Ile de France, vous guide pour la d\u00e9coration de votre \u00e9v\u00e9nement ! devis gratuit en ligne !","robots":{"index":"index","follow":"follow","max-snippet":"max-snippet:-1","max-image-preview":"max-image-preview:large","max-video-preview":"max-video-preview:-1"},"canonical":"https:\/\/www.etoilederose.fr\/","twitter_misc":{"Dur\u00e9e de lecture estim\u00e9e":"1 minute"},"schema":{"@context":"https:\/\/schema.org","@graph":[{"@type":"WebPage","@id":"https:\/\/www.etoilederose.fr\/","url":"https:\/\/www.etoilederose.fr\/","name":"D\u00e9coration \u00e9v\u00e9nementielle mariage | Etoile de rose | Grand-est | Ile de France | Acceuil |","isPartOf":{"@id":"https:\/\/www.etoilederose.fr\/#website"},"datePublished":"2011-10-31T12:59:30+00:00","dateModified":"2023-11-24T19:45:02+00:00","description":"Etoile de rose d\u00e9coratrice \u00e9v\u00e9nementielle en r\u00e9gion Grand-Est et Ile de France, vous guide pour la d\u00e9coration de votre \u00e9v\u00e9nement ! devis gratuit en ligne !","breadcrumb":{"@id":"https:\/\/www.etoilederose.fr\/#breadcrumb"},"inLanguage":"fr-FR","potentialAction":[{"@type":"ReadAction","target":["https:\/\/www.etoilederose.fr\/"]}]},{"@type":"BreadcrumbList","@id":"https:\/\/www.etoilederose.fr\/#breadcrumb","itemListElement":[{"@type":"ListItem","position":1,"name":"Home","item":"https:\/\/www.etoilederose.fr\/"},{"@type":"ListItem","position":2,"name":"D\u00e9coration \u00e9v\u00e9nementielle &#038; mariage"}]},{"@type":"WebSite","@id":"https:\/\/www.etoilederose.fr\/#website","url":"https:\/\/www.etoilederose.fr\/","name":"Etoile de rose","description":"Etoile de rose D\u00e9coration \u00e9v\u00e9nementielle","publisher":{"@id":"https:\/\/www.etoilederose.fr\/#\/schema\/person\/2d9d1db00dba3c640fa38b8b1abbdcaf"},"potentialAction":[{"@type":"SearchAction","target":{"@type":"EntryPoint","urlTemplate":"https:\/\/www.etoilederose.fr\/?s={search_term_string}"},"query-input":"required name=search_term_string"}],"inLanguage":"fr-FR"},{"@type":["Person","Organization"],"@id":"https:\/\/www.etoilederose.fr\/#\/schema\/person\/2d9d1db00dba3c640fa38b8b1abbdcaf","name":"admin","image":{"@type":"ImageObject","inLanguage":"fr-FR","@id":"https:\/\/www.etoilederose.fr\/#\/schema\/person\/image\/","url":"https:\/\/www.etoilederose.fr\/wp-content\/uploads\/2026\/01\/logo_noir.jpg","contentUrl":"https:\/\/www.etoilederose.fr\/wp-content\/uploads\/2026\/01\/logo_noir.jpg","width":1150,"height":1150,"caption":"admin"},"logo":{"@id":"https:\/\/www.etoilederose.fr\/#\/schema\/person\/image\/"},"description":"D\u00e9coratrice \u00e9v\u00e9nementiel depuis 15 ans, je me suis dirig\u00e9e depuis 8 ans dans le domaine de la d\u00e9coration de vitrines de magasins.","sameAs":["http:\/\/www.etoilederose.fr","https:\/\/www.facebook.com\/etoilederose.fr\/?ref=aymt_homepage_panel","https:\/\/www.instagram.com\/etoile.de.rose\/","https:\/\/twitter.com\/https:\/\/twitter.com\/wwwetoilederose?lang=fr"]}]}},"_links":{"self":[{"href":"https:\/\/www.etoilederose.fr\/index.php\/wp-json\/wp\/v2\/pages\/43","targetHints":{"allow":["GET"]}}],"collection":[{"href":"https:\/\/www.etoilederose.fr\/index.php\/wp-json\/wp\/v2\/pages"}],"about":[{"href":"https:\/\/www.etoilederose.fr\/index.php\/wp-json\/wp\/v2\/types\/page"}],"author":[{"embeddable":true,"href":"https:\/\/www.etoilederose.fr\/index.php\/wp-json\/wp\/v2\/users\/1"}],"replies":[{"embeddable":true,"href":"https:\/\/www.etoilederose.fr\/index.php\/wp-json\/wp\/v2\/comments?post=43"}],"version-history":[{"count":257,"href":"https:\/\/www.etoilederose.fr\/index.php\/wp-json\/wp\/v2\/pages\/43\/revisions"}],"predecessor-version":[{"id":8396,"href":"https:\/\/www.etoilederose.fr\/index.php\/wp-json\/wp\/v2\/pages\/43\/revisions\/8396"}],"wp:attachment":[{"href":"https:\/\/www.etoilederose.fr\/index.php\/wp-json\/wp\/v2\/media?parent=43"}],"curies":[{"name":"wp","href":"https:\/\/api.w.org\/{rel}","templated":true}]}}