{"id":3608,"date":"2015-06-20T21:50:32","date_gmt":"2015-06-20T21:50:32","guid":{"rendered":"http:\/\/www.etoilederose.fr\/?page_id=3608"},"modified":"2022-02-10T14:25:51","modified_gmt":"2022-02-10T14:25:51","slug":"mariage-parme-et-ivoire-theme-voyage","status":"publish","type":"page","link":"https:\/\/www.etoilederose.fr\/index.php\/quelques-realisations\/mariage-parme-et-ivoire-theme-voyage","title":{"rendered":"Mariage parme et ivoire th\u00e8me voyage"},"content":{"rendered":"<div id=\"attachment_3609\" style=\"width: 605px\" class=\"wp-caption aligncenter\"><a href=\"https:\/\/www.etoilederose.fr\/wp-content\/uploads\/2015\/06\/Guillaumat13.jpg\" rel=\"lightbox[3608]\"><img loading=\"lazy\" decoding=\"async\" aria-describedby=\"caption-attachment-3609\" class=\"wp-image-3609\" title=\"Mariage parme et ivoire \" src=\"https:\/\/www.etoilederose.fr\/wp-content\/uploads\/2015\/06\/Guillaumat13-1024x683.jpg\" alt=\"Mariage parme et ivoire \" width=\"595\" height=\"397\" srcset=\"https:\/\/www.etoilederose.fr\/wp-content\/uploads\/2015\/06\/Guillaumat13-1024x683.jpg 1024w, https:\/\/www.etoilederose.fr\/wp-content\/uploads\/2015\/06\/Guillaumat13-300x200.jpg 300w, https:\/\/www.etoilederose.fr\/wp-content\/uploads\/2015\/06\/Guillaumat13.jpg 1200w\" sizes=\"auto, (max-width: 595px) 100vw, 595px\" \/><\/a><p id=\"caption-attachment-3609\" class=\"wp-caption-text\">Mariage parme et ivoire<\/p><\/div>\n<p>&nbsp;<\/p>\n<p>&nbsp;Bienvenue dans ce Mariage parme et ivoire th\u00e8me voyage \u00e0 <a href=\"https:\/\/www.lafermeduvieuxchateau.fr\/\">la Ferme du Vieux ch\u00e2teau.<\/a><\/p>\n<p><a href=\"https:\/\/www.etoilederose.fr\/index.php\/tarifs-locations\">les housses en lycra<\/a> s&rsquo;adaptent aux dossiers de chaises qui sont assez hauts.&nbsp;Des n\u0153uds en organza parme sont nou\u00e9s sur les chaises, \u00e0 l&rsquo;arri\u00e8re de fa\u00e7on classique.<\/p>\n<p>Ce mariage parme et ivoire th\u00e8me voyage s&rsquo;accentue sur l&rsquo;exotisme des \u00eeles. C&rsquo;est pourquoi, j&rsquo;ai r\u00e9alis\u00e9 le plan de tables imprim\u00e9 sur une toile en d\u00e9veloppant ce th\u00e8me. Finalement, un plan de tables est tr\u00e8s souvent cr\u00e9\u00e9, toujours sur mesure et imprim\u00e9 sur toile, puis pr\u00e9sent\u00e9 \u00e0 l&rsquo;entr\u00e9e de la salle sur mon <a href=\"https:\/\/www.etoilederose.fr\/index.php\/tarifs-locations\">chevalet en location.<\/a><\/p>\n<p>En centre de table, nous retrouvons <a href=\"https:\/\/www.etoilederose.fr\/index.php\/tarifs-locations\">les vases martini<\/a> avec fleurs exotiques naturelles, plong\u00e9es dans des billes de gel transparentes. Les serviettes en tissu sont pli\u00e9es en forme de fleurs de lys, mais aussi, un chemin de table en sizoweb parme traverse d\u00e9licatement la table. Le chemin de table \u00ab\u00a0Sizoweb\u00a0\u00bb est con\u00e7u en fibre de Polyester tr\u00e8s ajour\u00e9e. C&rsquo;est pourquoi il est id\u00e9al pour une table de r\u00e9ception chic et \u00e9l\u00e9gante. C&rsquo;est pourquoi Je l&rsquo;utilise tr\u00e8s souvent.<\/p>\n<p>Des bo\u00eetes \u00e0 drag\u00e9es tubes sont dispos\u00e9es. De surcroit, des marque-place en forme d&rsquo;avion, indiquent l&#8217;emplacement pr\u00e9cis de chaque invit\u00e9. Par ailleurs je tiens \u00e0 pr\u00e9ciser que chaque avion a \u00e9t\u00e9 d\u00e9coup\u00e9 \u00e0 la main.<\/p>\n<div id=\"attachment_6512\" style=\"width: 583px\" class=\"wp-caption aligncenter\"><a href=\"https:\/\/www.etoilederose.fr\/wp-content\/uploads\/2020\/01\/Guillaumat14.jpg\" rel=\"lightbox[3608]\"><img loading=\"lazy\" decoding=\"async\" aria-describedby=\"caption-attachment-6512\" class=\"wp-image-6512\" title=\"Marque places avions\" src=\"https:\/\/www.etoilederose.fr\/wp-content\/uploads\/2020\/01\/Guillaumat14-1024x683.jpg\" alt=\"Marque places avions\" width=\"573\" height=\"382\" srcset=\"https:\/\/www.etoilederose.fr\/wp-content\/uploads\/2020\/01\/Guillaumat14-1024x683.jpg 1024w, https:\/\/www.etoilederose.fr\/wp-content\/uploads\/2020\/01\/Guillaumat14-300x200.jpg 300w, https:\/\/www.etoilederose.fr\/wp-content\/uploads\/2020\/01\/Guillaumat14-768x512.jpg 768w, https:\/\/www.etoilederose.fr\/wp-content\/uploads\/2020\/01\/Guillaumat14.jpg 1200w\" sizes=\"auto, (max-width: 573px) 100vw, 573px\" \/><\/a><p id=\"caption-attachment-6512\" class=\"wp-caption-text\">Marque places avions<\/p><\/div>\n<p>Des tentures tr\u00e8s imposantes sont pos\u00e9es au plafond . Il est \u00e9vident que je nomme cette pose \u00ab\u00a0en forme de chapiteau\u00a0\u00bb pour l&rsquo;aspect qu&rsquo;elle repr\u00e9sente. Quelques ,LEDS au sol apportent l&rsquo;ambiance souhait\u00e9e.<\/p>\n<p>Somme toute, je pr\u00e9cise que je ne pose pas de ballon, c&rsquo;est une autre personne qui les a pos\u00e9s (information sur simple demande).<\/p>\n<div id=\"attachment_3612\" style=\"width: 611px\" class=\"wp-caption aligncenter\"><a href=\"https:\/\/www.etoilederose.fr\/wp-content\/uploads\/2015\/06\/Guillaumat4.jpg\" rel=\"lightbox[3608]\"><img loading=\"lazy\" decoding=\"async\" aria-describedby=\"caption-attachment-3612\" class=\"wp-image-3612\" title=\"Mariage parme et ivoire plan de tables th\u00e8me voyage\" src=\"https:\/\/www.etoilederose.fr\/wp-content\/uploads\/2015\/06\/Guillaumat4-1024x683.jpg\" alt=\"Mariage parme et ivoire plan de tables th\u00e8me voyage\" width=\"601\" height=\"401\" srcset=\"https:\/\/www.etoilederose.fr\/wp-content\/uploads\/2015\/06\/Guillaumat4-1024x683.jpg 1024w, https:\/\/www.etoilederose.fr\/wp-content\/uploads\/2015\/06\/Guillaumat4-300x200.jpg 300w, https:\/\/www.etoilederose.fr\/wp-content\/uploads\/2015\/06\/Guillaumat4.jpg 1200w\" sizes=\"auto, (max-width: 601px) 100vw, 601px\" \/><\/a><p id=\"caption-attachment-3612\" class=\"wp-caption-text\">Mariage parme et ivoire plan de tables th\u00e8me voyage<\/p><\/div>\n<h3><span style=\"color: #000000;\">L&rsquo;urne \u00e0 enveloppes et le livre d&rsquo;or<\/span><\/h3>\n<p>Pour clore la d\u00e9coration en beaut\u00e9, j&rsquo;ai cr\u00e9\u00e9 une urne \u00e0 enveloppes unique en forme de valise ainsi que le livre d&rsquo;or sous forme de passeport. En d\u00e9finitive, il est possible de cr\u00e9er toute forme et tout th\u00e8me en d\u00e9coration, demandez un devis <a href=\"https:\/\/www.etoilederose.fr\/index.php\/contact\">ici.<\/a><\/p>\nngg_shortcode_0_placeholder\n<h3><span style=\"color: #000000;\">Quelques d\u00e9tails<\/span><\/h3>\nngg_shortcode_1_placeholder\n","protected":false},"excerpt":{"rendered":"<p>&nbsp; &nbsp;Bienvenue dans ce Mariage parme et ivoire th\u00e8me voyage \u00e0 la Ferme du Vieux ch\u00e2teau. les housses en lycra s&rsquo;adaptent aux dossiers de chaises qui sont assez hauts.&nbsp;Des n\u0153uds en organza parme sont nou\u00e9s sur les chaises, \u00e0 l&rsquo;arri\u00e8re de fa\u00e7on classique. Ce mariage parme et ivoire th\u00e8me voyage s&rsquo;accentue sur l&rsquo;exotisme des \u00eeles. [&hellip;]<\/p>\n","protected":false},"author":1,"featured_media":0,"parent":25,"menu_order":45,"comment_status":"closed","ping_status":"closed","template":"","meta":{"ngg_post_thumbnail":0,"footnotes":"","_links_to":"","_links_to_target":""},"class_list":["post-3608","page","type-page","status-publish","hentry"],"yoast_head":"<!-- This site is optimized with the Yoast SEO plugin v21.5 - https:\/\/yoast.com\/wordpress\/plugins\/seo\/ -->\n<title>Mariage parme et ivoire th\u00e8me voyage | Etoile de rose |<\/title>\n<meta name=\"description\" content=\"Etoile de rose a d\u00e9cor\u00e9 ce Mariage parme et ivoire th\u00e8me voyage.Des vases martini exotiques! Aussi profitez de ses talents pour d\u00e9corer votre \u00e9v\u00e9nement !\" \/>\n<meta name=\"robots\" content=\"index, follow, max-snippet:-1, max-image-preview:large, max-video-preview:-1\" \/>\n<link rel=\"canonical\" href=\"https:\/\/www.etoilederose.fr\/index.php\/quelques-realisations\/mariage-parme-et-ivoire-theme-voyage\" \/>\n<meta name=\"twitter:label1\" content=\"Dur\u00e9e de lecture estim\u00e9e\" \/>\n\t<meta name=\"twitter:data1\" content=\"3 minutes\" \/>\n<script type=\"application\/ld+json\" class=\"yoast-schema-graph\">{\"@context\":\"https:\/\/schema.org\",\"@graph\":[{\"@type\":\"WebPage\",\"@id\":\"https:\/\/www.etoilederose.fr\/index.php\/quelques-realisations\/mariage-parme-et-ivoire-theme-voyage\",\"url\":\"https:\/\/www.etoilederose.fr\/index.php\/quelques-realisations\/mariage-parme-et-ivoire-theme-voyage\",\"name\":\"Mariage parme et ivoire th\u00e8me voyage | Etoile de rose |\",\"isPartOf\":{\"@id\":\"https:\/\/www.etoilederose.fr\/#website\"},\"datePublished\":\"2015-06-20T21:50:32+00:00\",\"dateModified\":\"2022-02-10T14:25:51+00:00\",\"description\":\"Etoile de rose a d\u00e9cor\u00e9 ce Mariage parme et ivoire th\u00e8me voyage.Des vases martini exotiques! Aussi profitez de ses talents pour d\u00e9corer votre \u00e9v\u00e9nement !\",\"breadcrumb\":{\"@id\":\"https:\/\/www.etoilederose.fr\/index.php\/quelques-realisations\/mariage-parme-et-ivoire-theme-voyage#breadcrumb\"},\"inLanguage\":\"fr-FR\",\"potentialAction\":[{\"@type\":\"ReadAction\",\"target\":[\"https:\/\/www.etoilederose.fr\/index.php\/quelques-realisations\/mariage-parme-et-ivoire-theme-voyage\"]}]},{\"@type\":\"BreadcrumbList\",\"@id\":\"https:\/\/www.etoilederose.fr\/index.php\/quelques-realisations\/mariage-parme-et-ivoire-theme-voyage#breadcrumb\",\"itemListElement\":[{\"@type\":\"ListItem\",\"position\":1,\"name\":\"Home\",\"item\":\"https:\/\/www.etoilederose.fr\/\"},{\"@type\":\"ListItem\",\"position\":2,\"name\":\"R\u00e9alisations\",\"item\":\"https:\/\/www.etoilederose.fr\/index.php\/quelques-realisations\"},{\"@type\":\"ListItem\",\"position\":3,\"name\":\"Mariage parme et ivoire th\u00e8me voyage\"}]},{\"@type\":\"WebSite\",\"@id\":\"https:\/\/www.etoilederose.fr\/#website\",\"url\":\"https:\/\/www.etoilederose.fr\/\",\"name\":\"Etoile de rose\",\"description\":\"Etoile de rose D\u00e9coration \u00e9v\u00e9nementielle\",\"publisher\":{\"@id\":\"https:\/\/www.etoilederose.fr\/#\/schema\/person\/2d9d1db00dba3c640fa38b8b1abbdcaf\"},\"potentialAction\":[{\"@type\":\"SearchAction\",\"target\":{\"@type\":\"EntryPoint\",\"urlTemplate\":\"https:\/\/www.etoilederose.fr\/?s={search_term_string}\"},\"query-input\":\"required name=search_term_string\"}],\"inLanguage\":\"fr-FR\"},{\"@type\":[\"Person\",\"Organization\"],\"@id\":\"https:\/\/www.etoilederose.fr\/#\/schema\/person\/2d9d1db00dba3c640fa38b8b1abbdcaf\",\"name\":\"admin\",\"image\":{\"@type\":\"ImageObject\",\"inLanguage\":\"fr-FR\",\"@id\":\"https:\/\/www.etoilederose.fr\/#\/schema\/person\/image\/\",\"url\":\"https:\/\/www.etoilederose.fr\/wp-content\/uploads\/2026\/01\/logo_noir.jpg\",\"contentUrl\":\"https:\/\/www.etoilederose.fr\/wp-content\/uploads\/2026\/01\/logo_noir.jpg\",\"width\":1150,\"height\":1150,\"caption\":\"admin\"},\"logo\":{\"@id\":\"https:\/\/www.etoilederose.fr\/#\/schema\/person\/image\/\"},\"description\":\"D\u00e9coratrice \u00e9v\u00e9nementiel depuis 15 ans, je me suis dirig\u00e9e depuis 8 ans dans le domaine de la d\u00e9coration de vitrines de magasins.\",\"sameAs\":[\"http:\/\/www.etoilederose.fr\",\"https:\/\/www.facebook.com\/etoilederose.fr\/?ref=aymt_homepage_panel\",\"https:\/\/www.instagram.com\/etoile.de.rose\/\",\"https:\/\/twitter.com\/https:\/\/twitter.com\/wwwetoilederose?lang=fr\"]}]}<\/script>\n<!-- \/ Yoast SEO plugin. -->","yoast_head_json":{"title":"Mariage parme et ivoire th\u00e8me voyage | Etoile de rose |","description":"Etoile de rose a d\u00e9cor\u00e9 ce Mariage parme et ivoire th\u00e8me voyage.Des vases martini exotiques! Aussi profitez de ses talents pour d\u00e9corer votre \u00e9v\u00e9nement !","robots":{"index":"index","follow":"follow","max-snippet":"max-snippet:-1","max-image-preview":"max-image-preview:large","max-video-preview":"max-video-preview:-1"},"canonical":"https:\/\/www.etoilederose.fr\/index.php\/quelques-realisations\/mariage-parme-et-ivoire-theme-voyage","twitter_misc":{"Dur\u00e9e de lecture estim\u00e9e":"3 minutes"},"schema":{"@context":"https:\/\/schema.org","@graph":[{"@type":"WebPage","@id":"https:\/\/www.etoilederose.fr\/index.php\/quelques-realisations\/mariage-parme-et-ivoire-theme-voyage","url":"https:\/\/www.etoilederose.fr\/index.php\/quelques-realisations\/mariage-parme-et-ivoire-theme-voyage","name":"Mariage parme et ivoire th\u00e8me voyage | Etoile de rose |","isPartOf":{"@id":"https:\/\/www.etoilederose.fr\/#website"},"datePublished":"2015-06-20T21:50:32+00:00","dateModified":"2022-02-10T14:25:51+00:00","description":"Etoile de rose a d\u00e9cor\u00e9 ce Mariage parme et ivoire th\u00e8me voyage.Des vases martini exotiques! Aussi profitez de ses talents pour d\u00e9corer votre \u00e9v\u00e9nement !","breadcrumb":{"@id":"https:\/\/www.etoilederose.fr\/index.php\/quelques-realisations\/mariage-parme-et-ivoire-theme-voyage#breadcrumb"},"inLanguage":"fr-FR","potentialAction":[{"@type":"ReadAction","target":["https:\/\/www.etoilederose.fr\/index.php\/quelques-realisations\/mariage-parme-et-ivoire-theme-voyage"]}]},{"@type":"BreadcrumbList","@id":"https:\/\/www.etoilederose.fr\/index.php\/quelques-realisations\/mariage-parme-et-ivoire-theme-voyage#breadcrumb","itemListElement":[{"@type":"ListItem","position":1,"name":"Home","item":"https:\/\/www.etoilederose.fr\/"},{"@type":"ListItem","position":2,"name":"R\u00e9alisations","item":"https:\/\/www.etoilederose.fr\/index.php\/quelques-realisations"},{"@type":"ListItem","position":3,"name":"Mariage parme et ivoire th\u00e8me voyage"}]},{"@type":"WebSite","@id":"https:\/\/www.etoilederose.fr\/#website","url":"https:\/\/www.etoilederose.fr\/","name":"Etoile de rose","description":"Etoile de rose D\u00e9coration \u00e9v\u00e9nementielle","publisher":{"@id":"https:\/\/www.etoilederose.fr\/#\/schema\/person\/2d9d1db00dba3c640fa38b8b1abbdcaf"},"potentialAction":[{"@type":"SearchAction","target":{"@type":"EntryPoint","urlTemplate":"https:\/\/www.etoilederose.fr\/?s={search_term_string}"},"query-input":"required name=search_term_string"}],"inLanguage":"fr-FR"},{"@type":["Person","Organization"],"@id":"https:\/\/www.etoilederose.fr\/#\/schema\/person\/2d9d1db00dba3c640fa38b8b1abbdcaf","name":"admin","image":{"@type":"ImageObject","inLanguage":"fr-FR","@id":"https:\/\/www.etoilederose.fr\/#\/schema\/person\/image\/","url":"https:\/\/www.etoilederose.fr\/wp-content\/uploads\/2026\/01\/logo_noir.jpg","contentUrl":"https:\/\/www.etoilederose.fr\/wp-content\/uploads\/2026\/01\/logo_noir.jpg","width":1150,"height":1150,"caption":"admin"},"logo":{"@id":"https:\/\/www.etoilederose.fr\/#\/schema\/person\/image\/"},"description":"D\u00e9coratrice \u00e9v\u00e9nementiel depuis 15 ans, je me suis dirig\u00e9e depuis 8 ans dans le domaine de la d\u00e9coration de vitrines de magasins.","sameAs":["http:\/\/www.etoilederose.fr","https:\/\/www.facebook.com\/etoilederose.fr\/?ref=aymt_homepage_panel","https:\/\/www.instagram.com\/etoile.de.rose\/","https:\/\/twitter.com\/https:\/\/twitter.com\/wwwetoilederose?lang=fr"]}]}},"_links":{"self":[{"href":"https:\/\/www.etoilederose.fr\/index.php\/wp-json\/wp\/v2\/pages\/3608","targetHints":{"allow":["GET"]}}],"collection":[{"href":"https:\/\/www.etoilederose.fr\/index.php\/wp-json\/wp\/v2\/pages"}],"about":[{"href":"https:\/\/www.etoilederose.fr\/index.php\/wp-json\/wp\/v2\/types\/page"}],"author":[{"embeddable":true,"href":"https:\/\/www.etoilederose.fr\/index.php\/wp-json\/wp\/v2\/users\/1"}],"replies":[{"embeddable":true,"href":"https:\/\/www.etoilederose.fr\/index.php\/wp-json\/wp\/v2\/comments?post=3608"}],"version-history":[{"count":28,"href":"https:\/\/www.etoilederose.fr\/index.php\/wp-json\/wp\/v2\/pages\/3608\/revisions"}],"predecessor-version":[{"id":6528,"href":"https:\/\/www.etoilederose.fr\/index.php\/wp-json\/wp\/v2\/pages\/3608\/revisions\/6528"}],"up":[{"embeddable":true,"href":"https:\/\/www.etoilederose.fr\/index.php\/wp-json\/wp\/v2\/pages\/25"}],"wp:attachment":[{"href":"https:\/\/www.etoilederose.fr\/index.php\/wp-json\/wp\/v2\/media?parent=3608"}],"curies":[{"name":"wp","href":"https:\/\/api.w.org\/{rel}","templated":true}]}}