{"id":1539,"date":"2013-08-11T18:02:00","date_gmt":"2013-08-11T18:02:00","guid":{"rendered":"http:\/\/www.etoilederose.fr\/?page_id=1539"},"modified":"2022-02-10T14:31:11","modified_gmt":"2022-02-10T14:31:11","slug":"mariage-cabaret-noir-fuchsia","status":"publish","type":"page","link":"https:\/\/www.etoilederose.fr\/index.php\/quelques-realisations\/mariage-cabaret-noir-fuchsia","title":{"rendered":"Mariage cabaret noir fuchsia"},"content":{"rendered":"<div id=\"attachment_3095\" style=\"width: 620px\" class=\"wp-caption aligncenter\"><a href=\"https:\/\/www.etoilederose.fr\/index.php\/quelques-realisations\/mariage-cabaret-noir-fuchsia\/lescoat9\" rel=\"attachment wp-att-3095\"><img loading=\"lazy\" decoding=\"async\" aria-describedby=\"caption-attachment-3095\" class=\" wp-image-3095\" src=\"https:\/\/www.etoilederose.fr\/wp-content\/uploads\/2013\/08\/Lescoat9.jpg\" alt=\"Mariage cabaret\" width=\"610\" height=\"408\" srcset=\"https:\/\/www.etoilederose.fr\/wp-content\/uploads\/2013\/08\/Lescoat9.jpg 1000w, https:\/\/www.etoilederose.fr\/wp-content\/uploads\/2013\/08\/Lescoat9-300x201.jpg 300w\" sizes=\"auto, (max-width: 610px) 100vw, 610px\" \/><\/a><p id=\"caption-attachment-3095\" class=\"wp-caption-text\">Mariage noir fuchsia<\/p><\/div>\n<div id=\"attachment_1679\" style=\"width: 598px\" class=\"wp-caption aligncenter\"><a href=\"https:\/\/www.etoilederose.fr\/index.php\/tarifs-et-formule-deco\/3bis-2\" rel=\"attachment wp-att-1679\"><img loading=\"lazy\" decoding=\"async\" aria-describedby=\"caption-attachment-1679\" class=\" wp-image-1679\" src=\"https:\/\/www.etoilederose.fr\/wp-content\/uploads\/2013\/03\/3bis.jpg\" alt=\"Mariage th\u00e8me cabaret\" width=\"588\" height=\"393\" srcset=\"https:\/\/www.etoilederose.fr\/wp-content\/uploads\/2013\/03\/3bis.jpg 900w, https:\/\/www.etoilederose.fr\/wp-content\/uploads\/2013\/03\/3bis-300x200.jpg 300w\" sizes=\"auto, (max-width: 588px) 100vw, 588px\" \/><\/a><p id=\"caption-attachment-1679\" class=\"wp-caption-text\">Mariage th\u00e8me cabaret noir fuchsia<\/p><\/div>\n<p>&nbsp;<\/p>\n<h3><span style=\"color: #000000;\">Mariage cabaret noir fuchsia<\/span><\/h3>\n<p><span style=\"color: #000000;\"><strong>Mariage cabaret noir fuchsia en 2 versions diff\u00e9rentes, pour des d\u00e9corations de mariages. La 1ere photo est <a href=\"https:\/\/www.1001salles.com\/mariage\/LE-BOIS-DU-BON-SEJOUR.aspx\">au Bois du bon s\u00e9jour<\/a><br \/>\n<\/strong><\/span><\/p>\n<p>Tout d&rsquo;abord, j&rsquo;ai d\u00e9velopp\u00e9 ce th\u00e8me avec la&nbsp; touche de plumes et une pointe de strass, tout en sobri\u00e9t\u00e9 et originalit\u00e9: des housses de chaises en lycra extensibles noires dans le premier cas, rehauss\u00e9es de n\u0153uds en organza fuchsia, d\u00e9licatement nou\u00e9es sur le haut gauche du dossier, ou blanches avec des n\u0153uds fuchsia et noirs.<\/p>\n<p>Puis, Les pliages de serviettes, ainsi que la fa\u00e7on de les poser sont une totale cr\u00e9ation de ma part \u00e9galement. D&rsquo;ailleurs, j&rsquo;utilise encore cette mati\u00e8re tr\u00e8s douce et solide et pourtant jetable qu&rsquo;est la Voie s\u00e8che, pour les serviettes et le nappage, noir \u00e9galement.<\/p>\n<p>Des compositions avec de vraies plumes d&rsquo;autruches rappellent \u00e9galement les shows cabaret.<\/p>\n<p>Afin d&rsquo;ajouter un c\u00f4t\u00e9 spectacle et lumi\u00e8re, des spots leds ont \u00e9t\u00e9 pos\u00e9s le long des murs, ainsi que des voilages, pour accentuer le rose, et faire ressortir le noir, dans le premier cas, alors que dans le second cas le cadre \u00e9pur\u00e9 \u00e9tait celui d&rsquo;un restaurant.<\/p>\n<p>Tant\u00f4t des vases \u00e9glises, tr\u00f4nent \u00e9galement sur<a href=\"https:\/\/www.etoilederose.fr\/index.php\/tarifs-locations\"> la table d&rsquo;h<\/a>onneur, orn\u00e9 de plumes, ils apportent la touche \u00ab\u00a0cabaret\u00a0\u00bb tant d\u00e9sir\u00e9e par la jeune mari\u00e9e, alors que dans le second exemple, les plumes sont dispos\u00e9es en vases martini au centre des tables rondes.<\/p>\n<p>Une id\u00e9e originale pour le premier mariage avec le candy bar customis\u00e9 aux couleurs et au th\u00e8me des mari\u00e9s !<\/p>\n<p><span style=\"text-decoration: underline;\">( Cliquez sur les photos pour agrandir)<\/span><\/p>\n<h2>Vues d&rsquo;ensemble N\u00b01<\/h2>\nngg_shortcode_0_placeholder\n<h2>le vin d&rsquo;honneur N\u00b01<\/h2>\nngg_shortcode_1_placeholder\n<h2>Vin d&rsquo;honneur et d\u00e9tails N\u00b02<\/h2>\nngg_shortcode_2_placeholder\n<h2>Le candy bar<\/h2>\nngg_shortcode_3_placeholder\n<div id=\"attachment_1563\" style=\"width: 600px\" class=\"wp-caption aligncenter\"><a href=\"https:\/\/www.etoilederose.fr\/index.php\/quelques-realisations\/mariage-cabaret-noir-fuchsia\/attachment\/16\" rel=\"attachment wp-att-1563\"><img loading=\"lazy\" decoding=\"async\" aria-describedby=\"caption-attachment-1563\" class=\" wp-image-1563\" src=\"https:\/\/www.etoilederose.fr\/wp-content\/uploads\/2013\/08\/16-797x1024.jpg\" alt=\"Bar \u00e0 bonbons, candy bar th\u00e8me cabaret\" width=\"590\" height=\"758\" srcset=\"https:\/\/www.etoilederose.fr\/wp-content\/uploads\/2013\/08\/16-797x1024.jpg 797w, https:\/\/www.etoilederose.fr\/wp-content\/uploads\/2013\/08\/16-233x300.jpg 233w, https:\/\/www.etoilederose.fr\/wp-content\/uploads\/2013\/08\/16.jpg 900w\" sizes=\"auto, (max-width: 590px) 100vw, 590px\" \/><\/a><p id=\"caption-attachment-1563\" class=\"wp-caption-text\">V\u00e9ritable Bar \u00e0 bonbons, th\u00e8me cabaret<\/p><\/div>\n<p><span style=\"color: #ff00ff;\">Sur le site existe \u00e9galement une version cabaret en rouge et noir encore diff\u00e9rente ! soyez curieux \ud83d\ude09<\/span><\/p>\n<h2>&nbsp;<\/h2>\n<p>&nbsp;<\/p>\n<p>&nbsp;<\/p>\n","protected":false},"excerpt":{"rendered":"<p>&nbsp; Mariage cabaret noir fuchsia Mariage cabaret noir fuchsia en 2 versions diff\u00e9rentes, pour des d\u00e9corations de mariages. La 1ere photo est au Bois du bon s\u00e9jour Tout d&rsquo;abord, j&rsquo;ai d\u00e9velopp\u00e9 ce th\u00e8me avec la&nbsp; touche de plumes et une pointe de strass, tout en sobri\u00e9t\u00e9 et originalit\u00e9: des housses de chaises en lycra extensibles [&hellip;]<\/p>\n","protected":false},"author":1,"featured_media":0,"parent":25,"menu_order":85,"comment_status":"closed","ping_status":"closed","template":"","meta":{"ngg_post_thumbnail":0,"footnotes":"","_links_to":"","_links_to_target":""},"class_list":["post-1539","page","type-page","status-publish","hentry"],"yoast_head":"<!-- This site is optimized with the Yoast SEO plugin v21.5 - https:\/\/yoast.com\/wordpress\/plugins\/seo\/ -->\n<title>Mariage cabaret noir fuchsia | Etoile de rose | candy bar |<\/title>\n<meta name=\"description\" content=\"Etoile de rose a d\u00e9cor\u00e9 ce mariage cabaret noir fuchsia. Vous aussi, profitez de ses talents pour d\u00e9corer votre \u00e9v\u00e9nement ! Pensez au candy bar !\" \/>\n<meta name=\"robots\" content=\"index, follow, max-snippet:-1, max-image-preview:large, max-video-preview:-1\" \/>\n<link rel=\"canonical\" href=\"https:\/\/www.etoilederose.fr\/index.php\/quelques-realisations\/mariage-cabaret-noir-fuchsia\" \/>\n<meta name=\"twitter:label1\" content=\"Dur\u00e9e de lecture estim\u00e9e\" \/>\n\t<meta name=\"twitter:data1\" content=\"3 minutes\" \/>\n<script type=\"application\/ld+json\" class=\"yoast-schema-graph\">{\"@context\":\"https:\/\/schema.org\",\"@graph\":[{\"@type\":\"WebPage\",\"@id\":\"https:\/\/www.etoilederose.fr\/index.php\/quelques-realisations\/mariage-cabaret-noir-fuchsia\",\"url\":\"https:\/\/www.etoilederose.fr\/index.php\/quelques-realisations\/mariage-cabaret-noir-fuchsia\",\"name\":\"Mariage cabaret noir fuchsia | Etoile de rose | candy bar |\",\"isPartOf\":{\"@id\":\"https:\/\/www.etoilederose.fr\/#website\"},\"datePublished\":\"2013-08-11T18:02:00+00:00\",\"dateModified\":\"2022-02-10T14:31:11+00:00\",\"description\":\"Etoile de rose a d\u00e9cor\u00e9 ce mariage cabaret noir fuchsia. Vous aussi, profitez de ses talents pour d\u00e9corer votre \u00e9v\u00e9nement ! Pensez au candy bar !\",\"breadcrumb\":{\"@id\":\"https:\/\/www.etoilederose.fr\/index.php\/quelques-realisations\/mariage-cabaret-noir-fuchsia#breadcrumb\"},\"inLanguage\":\"fr-FR\",\"potentialAction\":[{\"@type\":\"ReadAction\",\"target\":[\"https:\/\/www.etoilederose.fr\/index.php\/quelques-realisations\/mariage-cabaret-noir-fuchsia\"]}]},{\"@type\":\"BreadcrumbList\",\"@id\":\"https:\/\/www.etoilederose.fr\/index.php\/quelques-realisations\/mariage-cabaret-noir-fuchsia#breadcrumb\",\"itemListElement\":[{\"@type\":\"ListItem\",\"position\":1,\"name\":\"Home\",\"item\":\"https:\/\/www.etoilederose.fr\/\"},{\"@type\":\"ListItem\",\"position\":2,\"name\":\"R\u00e9alisations\",\"item\":\"https:\/\/www.etoilederose.fr\/index.php\/quelques-realisations\"},{\"@type\":\"ListItem\",\"position\":3,\"name\":\"Mariage cabaret noir fuchsia\"}]},{\"@type\":\"WebSite\",\"@id\":\"https:\/\/www.etoilederose.fr\/#website\",\"url\":\"https:\/\/www.etoilederose.fr\/\",\"name\":\"Etoile de rose\",\"description\":\"Etoile de rose D\u00e9coration \u00e9v\u00e9nementielle\",\"publisher\":{\"@id\":\"https:\/\/www.etoilederose.fr\/#\/schema\/person\/2d9d1db00dba3c640fa38b8b1abbdcaf\"},\"potentialAction\":[{\"@type\":\"SearchAction\",\"target\":{\"@type\":\"EntryPoint\",\"urlTemplate\":\"https:\/\/www.etoilederose.fr\/?s={search_term_string}\"},\"query-input\":\"required name=search_term_string\"}],\"inLanguage\":\"fr-FR\"},{\"@type\":[\"Person\",\"Organization\"],\"@id\":\"https:\/\/www.etoilederose.fr\/#\/schema\/person\/2d9d1db00dba3c640fa38b8b1abbdcaf\",\"name\":\"admin\",\"image\":{\"@type\":\"ImageObject\",\"inLanguage\":\"fr-FR\",\"@id\":\"https:\/\/www.etoilederose.fr\/#\/schema\/person\/image\/\",\"url\":\"https:\/\/www.etoilederose.fr\/wp-content\/uploads\/2026\/01\/logo_noir.jpg\",\"contentUrl\":\"https:\/\/www.etoilederose.fr\/wp-content\/uploads\/2026\/01\/logo_noir.jpg\",\"width\":1150,\"height\":1150,\"caption\":\"admin\"},\"logo\":{\"@id\":\"https:\/\/www.etoilederose.fr\/#\/schema\/person\/image\/\"},\"description\":\"D\u00e9coratrice \u00e9v\u00e9nementiel depuis 15 ans, je me suis dirig\u00e9e depuis 8 ans dans le domaine de la d\u00e9coration de vitrines de magasins.\",\"sameAs\":[\"http:\/\/www.etoilederose.fr\",\"https:\/\/www.facebook.com\/etoilederose.fr\/?ref=aymt_homepage_panel\",\"https:\/\/www.instagram.com\/etoile.de.rose\/\",\"https:\/\/twitter.com\/https:\/\/twitter.com\/wwwetoilederose?lang=fr\"]}]}<\/script>\n<!-- \/ Yoast SEO plugin. -->","yoast_head_json":{"title":"Mariage cabaret noir fuchsia | Etoile de rose | candy bar |","description":"Etoile de rose a d\u00e9cor\u00e9 ce mariage cabaret noir fuchsia. Vous aussi, profitez de ses talents pour d\u00e9corer votre \u00e9v\u00e9nement ! Pensez au candy bar !","robots":{"index":"index","follow":"follow","max-snippet":"max-snippet:-1","max-image-preview":"max-image-preview:large","max-video-preview":"max-video-preview:-1"},"canonical":"https:\/\/www.etoilederose.fr\/index.php\/quelques-realisations\/mariage-cabaret-noir-fuchsia","twitter_misc":{"Dur\u00e9e de lecture estim\u00e9e":"3 minutes"},"schema":{"@context":"https:\/\/schema.org","@graph":[{"@type":"WebPage","@id":"https:\/\/www.etoilederose.fr\/index.php\/quelques-realisations\/mariage-cabaret-noir-fuchsia","url":"https:\/\/www.etoilederose.fr\/index.php\/quelques-realisations\/mariage-cabaret-noir-fuchsia","name":"Mariage cabaret noir fuchsia | Etoile de rose | candy bar |","isPartOf":{"@id":"https:\/\/www.etoilederose.fr\/#website"},"datePublished":"2013-08-11T18:02:00+00:00","dateModified":"2022-02-10T14:31:11+00:00","description":"Etoile de rose a d\u00e9cor\u00e9 ce mariage cabaret noir fuchsia. Vous aussi, profitez de ses talents pour d\u00e9corer votre \u00e9v\u00e9nement ! Pensez au candy bar !","breadcrumb":{"@id":"https:\/\/www.etoilederose.fr\/index.php\/quelques-realisations\/mariage-cabaret-noir-fuchsia#breadcrumb"},"inLanguage":"fr-FR","potentialAction":[{"@type":"ReadAction","target":["https:\/\/www.etoilederose.fr\/index.php\/quelques-realisations\/mariage-cabaret-noir-fuchsia"]}]},{"@type":"BreadcrumbList","@id":"https:\/\/www.etoilederose.fr\/index.php\/quelques-realisations\/mariage-cabaret-noir-fuchsia#breadcrumb","itemListElement":[{"@type":"ListItem","position":1,"name":"Home","item":"https:\/\/www.etoilederose.fr\/"},{"@type":"ListItem","position":2,"name":"R\u00e9alisations","item":"https:\/\/www.etoilederose.fr\/index.php\/quelques-realisations"},{"@type":"ListItem","position":3,"name":"Mariage cabaret noir fuchsia"}]},{"@type":"WebSite","@id":"https:\/\/www.etoilederose.fr\/#website","url":"https:\/\/www.etoilederose.fr\/","name":"Etoile de rose","description":"Etoile de rose D\u00e9coration \u00e9v\u00e9nementielle","publisher":{"@id":"https:\/\/www.etoilederose.fr\/#\/schema\/person\/2d9d1db00dba3c640fa38b8b1abbdcaf"},"potentialAction":[{"@type":"SearchAction","target":{"@type":"EntryPoint","urlTemplate":"https:\/\/www.etoilederose.fr\/?s={search_term_string}"},"query-input":"required name=search_term_string"}],"inLanguage":"fr-FR"},{"@type":["Person","Organization"],"@id":"https:\/\/www.etoilederose.fr\/#\/schema\/person\/2d9d1db00dba3c640fa38b8b1abbdcaf","name":"admin","image":{"@type":"ImageObject","inLanguage":"fr-FR","@id":"https:\/\/www.etoilederose.fr\/#\/schema\/person\/image\/","url":"https:\/\/www.etoilederose.fr\/wp-content\/uploads\/2026\/01\/logo_noir.jpg","contentUrl":"https:\/\/www.etoilederose.fr\/wp-content\/uploads\/2026\/01\/logo_noir.jpg","width":1150,"height":1150,"caption":"admin"},"logo":{"@id":"https:\/\/www.etoilederose.fr\/#\/schema\/person\/image\/"},"description":"D\u00e9coratrice \u00e9v\u00e9nementiel depuis 15 ans, je me suis dirig\u00e9e depuis 8 ans dans le domaine de la d\u00e9coration de vitrines de magasins.","sameAs":["http:\/\/www.etoilederose.fr","https:\/\/www.facebook.com\/etoilederose.fr\/?ref=aymt_homepage_panel","https:\/\/www.instagram.com\/etoile.de.rose\/","https:\/\/twitter.com\/https:\/\/twitter.com\/wwwetoilederose?lang=fr"]}]}},"_links":{"self":[{"href":"https:\/\/www.etoilederose.fr\/index.php\/wp-json\/wp\/v2\/pages\/1539","targetHints":{"allow":["GET"]}}],"collection":[{"href":"https:\/\/www.etoilederose.fr\/index.php\/wp-json\/wp\/v2\/pages"}],"about":[{"href":"https:\/\/www.etoilederose.fr\/index.php\/wp-json\/wp\/v2\/types\/page"}],"author":[{"embeddable":true,"href":"https:\/\/www.etoilederose.fr\/index.php\/wp-json\/wp\/v2\/users\/1"}],"replies":[{"embeddable":true,"href":"https:\/\/www.etoilederose.fr\/index.php\/wp-json\/wp\/v2\/comments?post=1539"}],"version-history":[{"count":44,"href":"https:\/\/www.etoilederose.fr\/index.php\/wp-json\/wp\/v2\/pages\/1539\/revisions"}],"predecessor-version":[{"id":6973,"href":"https:\/\/www.etoilederose.fr\/index.php\/wp-json\/wp\/v2\/pages\/1539\/revisions\/6973"}],"up":[{"embeddable":true,"href":"https:\/\/www.etoilederose.fr\/index.php\/wp-json\/wp\/v2\/pages\/25"}],"wp:attachment":[{"href":"https:\/\/www.etoilederose.fr\/index.php\/wp-json\/wp\/v2\/media?parent=1539"}],"curies":[{"name":"wp","href":"https:\/\/api.w.org\/{rel}","templated":true}]}}